Last updated on 2023-02-06 06:52:13 CET.
Flavor | Version | Tinstall | Tcheck | Ttotal | Status | Flags |
---|---|---|---|---|---|---|
r-devel-linux-x86_64-debian-clang | 1.2.5 | 497.75 | 316.61 | 814.36 | NOTE | |
r-devel-linux-x86_64-debian-gcc | 1.2.5 | 408.53 | 271.15 | 679.68 | NOTE | |
r-devel-linux-x86_64-fedora-clang | 1.2.5 | 1111.86 | NOTE | |||
r-devel-linux-x86_64-fedora-gcc | 1.2.5 | 1127.90 | NOTE | |||
r-devel-windows-x86_64 | 1.2.5 | 472.00 | 428.00 | 900.00 | NOTE | |
r-patched-linux-x86_64 | 1.2.5 | 378.77 | 308.97 | 687.74 | NOTE | |
r-release-linux-x86_64 | 1.2.5 | 367.11 | 245.38 | 612.49 | NOTE | |
r-release-macos-arm64 | 1.2.5 | 233.00 | NOTE | |||
r-release-macos-x86_64 | 1.2.5 | 330.00 | NOTE | |||
r-release-windows-x86_64 | 1.2.5 | 476.00 | 418.00 | 894.00 | NOTE | |
r-oldrel-macos-arm64 | 1.2.5 | 154.00 | NOTE | |||
r-oldrel-macos-x86_64 | 1.2.5 | 340.00 | NOTE | |||
r-oldrel-windows-ix86+x86_64 | 1.2.5 | 1123.00 | 440.00 | 1563.00 | NOTE |
Version: 1.2.5
Check: for GNU extensions in Makefiles
Result: NOTE
GNU make is a SystemRequirements.
Flavors: r-devel-linux-x86_64-debian-clang, r-devel-linux-x86_64-debian-gcc, r-devel-linux-x86_64-fedora-clang, r-devel-linux-x86_64-fedora-gcc, r-devel-windows-x86_64, r-patched-linux-x86_64, r-release-linux-x86_64, r-release-macos-arm64, r-release-macos-x86_64, r-release-windows-x86_64, r-oldrel-macos-arm64, r-oldrel-macos-x86_64, r-oldrel-windows-ix86+x86_64
Version: 1.2.5
Check: installed package size
Result: NOTE
installed size is 5.3Mb
sub-directories of 1Mb or more:
R 1.3Mb
libs 2.4Mb
Flavors: r-devel-linux-x86_64-fedora-clang, r-devel-windows-x86_64, r-release-macos-arm64, r-release-macos-x86_64, r-release-windows-x86_64, r-oldrel-macos-arm64, r-oldrel-macos-x86_64, r-oldrel-windows-ix86+x86_64