CRAN Package Check Results for Package unmarked

Last updated on 2022-08-18 06:49:43 CEST.

Flavor Version Tinstall Tcheck Ttotal Status Flags
r-devel-linux-x86_64-debian-clang 1.2.5 489.26 269.25 758.51 NOTE
r-devel-linux-x86_64-debian-gcc 1.2.5 394.28 192.57 586.85 NOTE
r-devel-linux-x86_64-fedora-clang 1.2.5 1077.02 NOTE
r-devel-linux-x86_64-fedora-gcc 1.2.5 1045.17 NOTE
r-devel-windows-x86_64 1.2.5 437.00 412.00 849.00 NOTE
r-patched-linux-x86_64 1.2.5 408.24 254.68 662.92 NOTE
r-release-linux-x86_64 1.2.5 413.58 251.78 665.36 NOTE
r-release-macos-arm64 1.2.5 233.00 NOTE
r-release-macos-x86_64 1.2.5 330.00 NOTE
r-release-windows-x86_64 1.2.5 492.00 386.00 878.00 NOTE
r-oldrel-macos-arm64 1.2.5 154.00 NOTE
r-oldrel-macos-x86_64 1.2.5 340.00 NOTE
r-oldrel-windows-ix86+x86_64 1.2.5 1099.00 452.00 1551.00 NOTE

Check Details

Version: 1.2.5
Check: for GNU extensions in Makefiles
Result: NOTE
    GNU make is a SystemRequirements.
Flavors: r-devel-linux-x86_64-debian-clang, r-devel-linux-x86_64-debian-gcc, r-devel-linux-x86_64-fedora-clang, r-devel-linux-x86_64-fedora-gcc, r-devel-windows-x86_64, r-patched-linux-x86_64, r-release-linux-x86_64, r-release-macos-arm64, r-release-macos-x86_64, r-release-windows-x86_64, r-oldrel-macos-arm64, r-oldrel-macos-x86_64, r-oldrel-windows-ix86+x86_64

Version: 1.2.5
Check: installed package size
Result: NOTE
     installed size is 5.4Mb
     sub-directories of 1Mb or more:
     R 1.3Mb
     libs 2.4Mb
Flavors: r-devel-linux-x86_64-fedora-clang, r-devel-windows-x86_64, r-release-macos-arm64, r-release-macos-x86_64, r-release-windows-x86_64, r-oldrel-macos-arm64, r-oldrel-macos-x86_64, r-oldrel-windows-ix86+x86_64