Last updated on 2023-12-01 12:52:38 CET.
Flavor | Version | Tinstall | Tcheck | Ttotal | Status | Flags |
---|---|---|---|---|---|---|
r-devel-linux-x86_64-debian-clang | 0.8-4 | 26.04 | 75.27 | 101.31 | WARN | |
r-devel-linux-x86_64-debian-gcc | 0.8-5 | 19.08 | 57.26 | 76.34 | OK | |
r-devel-linux-x86_64-fedora-clang | 0.8-5 | 147.35 | OK | |||
r-devel-linux-x86_64-fedora-gcc | 0.8-5 | 151.27 | OK | |||
r-devel-windows-x86_64 | 0.8-5 | 26.00 | 101.00 | 127.00 | OK | |
r-patched-linux-x86_64 | 0.8-5 | 25.20 | 74.39 | 99.59 | OK | |
r-release-linux-x86_64 | 0.8-4 | 23.30 | 72.98 | 96.28 | OK | |
r-release-macos-arm64 | 0.8-5 | 68.00 | OK | |||
r-release-macos-x86_64 | 0.8-4 | 158.00 | OK | |||
r-release-windows-x86_64 | 0.8-5 | 29.00 | 99.00 | 128.00 | OK | |
r-oldrel-macos-arm64 | 0.8-5 | 75.00 | OK | |||
r-oldrel-macos-x86_64 | 0.8-4 | 112.00 | OK | |||
r-oldrel-windows-x86_64 | 0.8-5 | 28.00 | 95.00 | 123.00 | OK |
Version: 0.8-4
Check: whether package can be installed
Result: WARN
Found the following significant warnings:
udunits.cpp:23:14: warning: format string is not a string literal (potentially insecure) [-Wformat-security]
See ‘/home/hornik/tmp/R.check/r-devel-clang/Work/PKGS/units.Rcheck/00install.out’ for details.
* used C++ compiler: ‘Debian clang version 17.0.5 (1)’
Flavor: r-devel-linux-x86_64-debian-clang