CRAN Package Check Results for Package units

Last updated on 2021-12-04 12:59:00 CET.

Flavor Version Tinstall Tcheck Ttotal Status Flags
r-devel-linux-x86_64-debian-clang 0.7-2 23.08 78.96 102.04 OK
r-devel-linux-x86_64-debian-gcc 0.7-2 17.20 58.00 75.20 OK
r-devel-linux-x86_64-fedora-clang 0.7-2 140.58 OK
r-devel-linux-x86_64-fedora-gcc 0.7-2 118.19 OK
r-devel-windows-x86_64-new-UL 0.7-2 39.00 152.00 191.00 OK
r-devel-windows-x86_64-new-TK 0.7-2 OK
r-devel-windows-x86_64-old 0.7-2 32.00 85.00 117.00 OK
r-patched-linux-x86_64 0.7-2 20.56 65.91 86.47 OK
r-release-linux-x86_64 0.7-2 20.36 66.78 87.14 OK
r-release-macos-arm64 0.7-2 NOTE
r-release-macos-x86_64 0.7-2 NOTE
r-release-windows-ix86+x86_64 0.7-2 55.00 157.00 212.00 OK
r-oldrel-macos-x86_64 0.7-2 OK
r-oldrel-windows-ix86+x86_64 0.7-2 54.00 159.00 213.00 OK

Check Details

Version: 0.7-2
Check: package dependencies
Result: NOTE
    Package suggested but not available for checking: ‘udunits2’
Flavors: r-release-macos-arm64, r-release-macos-x86_64