Last updated on 2023-03-27 06:50:24 CEST.
Flavor | Version | Tinstall | Tcheck | Ttotal | Status | Flags |
---|---|---|---|---|---|---|
r-devel-linux-x86_64-debian-clang | 0.2.0 | 62.77 | 30.28 | 93.05 | NOTE | |
r-devel-linux-x86_64-debian-gcc | 0.2.0 | 45.41 | 23.89 | 69.30 | NOTE | |
r-devel-linux-x86_64-fedora-clang | 0.2.0 | 156.61 | NOTE | |||
r-devel-linux-x86_64-fedora-gcc | 0.2.0 | 120.42 | NOTE | |||
r-patched-linux-x86_64 | 0.2.0 | 47.73 | 29.54 | 77.27 | NOTE | |
r-release-linux-x86_64 | 0.2.0 | 48.50 | 30.84 | 79.34 | OK | |
r-release-macos-arm64 | 0.2.0 | 32.00 | NOTE | |||
r-release-macos-x86_64 | 0.2.0 | 47.00 | NOTE | |||
r-release-windows-x86_64 | 0.2.0 | 66.00 | 82.00 | 148.00 | OK | |
r-oldrel-macos-arm64 | 0.2.0 | 39.00 | NOTE | |||
r-oldrel-macos-x86_64 | 0.2.0 | 69.00 | NOTE | |||
r-oldrel-windows-ix86+x86_64 | 0.2.0 | 161.00 | 87.00 | 248.00 | OK |
Version: 0.2.0
Check: C++ specification
Result: NOTE
Specified C++11: please drop specification unless essential
Flavors: r-devel-linux-x86_64-debian-clang, r-devel-linux-x86_64-debian-gcc, r-devel-linux-x86_64-fedora-clang, r-devel-linux-x86_64-fedora-gcc, r-patched-linux-x86_64
Version: 0.2.0
Check: data for non-ASCII characters
Result: NOTE
Note: found 548 marked UTF-8 strings
Flavors: r-devel-linux-x86_64-fedora-clang, r-devel-linux-x86_64-fedora-gcc, r-release-macos-arm64, r-release-macos-x86_64, r-oldrel-macos-arm64, r-oldrel-macos-x86_64