CRAN Package Check Results for Package uniformly

Last updated on 2020-10-01 21:47:22 CEST.

Flavor Version Tinstall Tcheck Ttotal Status Flags
r-devel-linux-x86_64-debian-clang 0.1.0 3.00 27.80 30.80 OK
r-devel-linux-x86_64-debian-gcc 0.1.0 1.90 21.78 23.68 OK
r-devel-linux-x86_64-fedora-clang 0.1.0 47.98 OK
r-devel-linux-x86_64-fedora-gcc 0.1.0 36.57 OK
r-devel-windows-ix86+x86_64 0.1.0 7.00 33.00 40.00 OK
r-patched-linux-x86_64 0.1.0 2.46 26.58 29.04 OK
r-patched-solaris-x86 0.1.0 56.10 WARN
r-release-linux-x86_64 0.1.0 2.08 26.68 28.76 OK
r-release-macos-x86_64 0.1.0 WARN
r-release-windows-ix86+x86_64 0.1.0 6.00 44.00 50.00 OK
r-oldrel-macos-x86_64 0.1.0 WARN
r-oldrel-windows-ix86+x86_64 0.1.0 14.00 44.00 58.00 OK

Check Details

Version: 0.1.0
Check: re-building of vignette outputs
Result: WARN
    Error(s) in re-building vignettes:
     ...
    --- re-building ‘convexhull.Rmd’ using rmarkdown
    Warning in engine$weave(file, quiet = quiet, encoding = enc) :
     Pandoc (>= 1.12.3) and/or pandoc-citeproc not available. Falling back to R Markdown v1.
    Quitting from lines 93-98 (convexhull.Rmd)
    Error: processing vignette 'convexhull.Rmd' failed with diagnostics:
    cannot open the connection
    --- failed re-building ‘convexhull.Rmd’
    
    SUMMARY: processing the following file failed:
     ‘convexhull.Rmd’
    
    Error: Vignette re-building failed.
    Execution halted
Flavors: r-patched-solaris-x86, r-release-macos-x86_64, r-oldrel-macos-x86_64