CRAN Package Check Results for Package unifir

Last updated on 2024-06-14 02:54:21 CEST.

Flavor Version Tinstall Tcheck Ttotal Status Flags
r-devel-linux-x86_64-debian-clang 0.2.4 5.23 91.72 96.95 OK
r-devel-linux-x86_64-debian-gcc 0.2.4 3.63 54.62 58.25 ERROR
r-devel-linux-x86_64-fedora-clang 0.2.4 123.26 OK
r-devel-linux-x86_64-fedora-gcc 0.2.4 128.86 OK
r-devel-windows-x86_64 0.2.4 5.00 93.00 98.00 OK
r-patched-linux-x86_64 0.2.4 7.35 87.45 94.80 OK
r-release-linux-x86_64 0.2.4 5.04 87.34 92.38 OK
r-release-macos-arm64 0.2.4 41.00 OK
r-release-macos-x86_64 0.2.4 68.00 OK
r-release-windows-x86_64 0.2.4 5.00 94.00 99.00 OK
r-oldrel-macos-arm64 0.2.4 56.00 OK
r-oldrel-macos-x86_64 0.2.4 145.00 OK
r-oldrel-windows-x86_64 0.2.4 7.00 103.00 110.00 OK

Check Details

Version: 0.2.4
Check: package dependencies
Result: NOTE Packages suggested but not available for checking: 'terrainr', 'pkgdown', 'styler', 'testthat' Flavor: r-devel-linux-x86_64-debian-gcc

Version: 0.2.4
Check: tests
Result: ERROR Running ‘testthat.R’ [0s/1s] Running the tests in ‘tests/testthat.R’ failed. Complete output: > library(testthat) Error in library(testthat) : there is no package called 'testthat' Execution halted Flavor: r-devel-linux-x86_64-debian-gcc