Last updated on 2023-12-03 21:49:32 CET.
Flavor | Version | Tinstall | Tcheck | Ttotal | Status | Flags |
---|---|---|---|---|---|---|
r-devel-linux-x86_64-debian-clang | 1.5 | 6.47 | 65.66 | 72.13 | NOTE | |
r-devel-linux-x86_64-debian-gcc | 1.5 | 6.14 | 50.83 | 56.97 | NOTE | |
r-devel-linux-x86_64-fedora-clang | 1.5 | 92.85 | NOTE | |||
r-devel-linux-x86_64-fedora-gcc | 1.5 | 87.77 | NOTE | |||
r-devel-windows-x86_64 | 1.5 | 8.00 | 66.00 | 74.00 | NOTE | |
r-patched-linux-x86_64 | 1.5 | 6.59 | 65.12 | 71.71 | NOTE | |
r-release-linux-x86_64 | 1.5 | 8.60 | 65.92 | 74.52 | NOTE | |
r-release-macos-arm64 | 1.5 | 31.00 | NOTE | |||
r-release-macos-x86_64 | 1.5 | 51.00 | NOTE | |||
r-release-windows-x86_64 | 1.5 | 9.00 | 74.00 | 83.00 | NOTE | |
r-oldrel-macos-arm64 | 1.5 | 31.00 | NOTE | |||
r-oldrel-macos-x86_64 | 1.5 | 40.00 | NOTE | |||
r-oldrel-windows-x86_64 | 1.5 | 9.00 | 79.00 | 88.00 | NOTE |
Version: 1.5
Check: LazyData
Result: NOTE
'LazyData' is specified without a 'data' directory
Flavors: r-devel-linux-x86_64-debian-clang, r-devel-linux-x86_64-debian-gcc, r-devel-linux-x86_64-fedora-clang, r-devel-linux-x86_64-fedora-gcc, r-devel-windows-x86_64, r-patched-linux-x86_64, r-release-linux-x86_64, r-release-macos-arm64, r-release-macos-x86_64, r-release-windows-x86_64, r-oldrel-macos-arm64, r-oldrel-macos-x86_64, r-oldrel-windows-x86_64