CRAN Package Check Results for Package ungroup

Last updated on 2022-05-20 12:53:39 CEST.

Flavor Version Tinstall Tcheck Ttotal Status Flags
r-devel-linux-x86_64-debian-clang 1.4.2 47.61 131.69 179.30 OK
r-devel-linux-x86_64-debian-gcc 1.4.2 43.78 103.28 147.06 OK
r-devel-linux-x86_64-fedora-clang 1.4.2 239.15 NOTE
r-devel-linux-x86_64-fedora-gcc 1.4.2 230.31 OK
r-devel-windows-x86_64 1.4.2 61.00 196.00 257.00 OK
r-patched-linux-x86_64 1.4.2 51.48 131.25 182.73 OK
r-release-linux-x86_64 1.4.2 43.73 129.55 173.28 OK
r-release-macos-arm64 1.4.2 66.00 NOTE
r-release-macos-x86_64 1.4.2 90.00 NOTE
r-release-windows-x86_64 1.4.2 74.00 191.00 265.00 OK
r-oldrel-macos-arm64 1.4.2 74.00 NOTE
r-oldrel-macos-x86_64 1.4.2 84.00 NOTE
r-oldrel-windows-ix86+x86_64 1.4.2 117.00 251.00 368.00 OK

Check Details

Version: 1.4.2
Check: installed package size
Result: NOTE
     installed size is 14.0Mb
     sub-directories of 1Mb or more:
     libs 13.3Mb
Flavors: r-devel-linux-x86_64-fedora-clang, r-release-macos-arm64, r-release-macos-x86_64, r-oldrel-macos-arm64, r-oldrel-macos-x86_64