Last updated on 2024-04-23 12:49:46 CEST.
Flavor | Version | Tinstall | Tcheck | Ttotal | Status | Flags |
---|---|---|---|---|---|---|
r-devel-linux-x86_64-debian-clang | 0.2.2 | 4.18 | 49.25 | 53.43 | NOTE | |
r-devel-linux-x86_64-debian-gcc | 0.2.2 | 3.88 | 36.51 | 40.39 | NOTE | |
r-devel-linux-x86_64-fedora-clang | 0.2.2 | 68.31 | NOTE | |||
r-devel-linux-x86_64-fedora-gcc | 0.2.2 | 76.01 | NOTE | |||
r-prerel-macos-arm64 | 0.2.2 | 32.00 | NOTE | |||
r-prerel-windows-x86_64 | 0.2.2 | 5.00 | 60.00 | 65.00 | NOTE | |
r-patched-linux-x86_64 | 0.2.2 | 4.33 | 46.87 | 51.20 | NOTE | |
r-release-linux-x86_64 | 0.2.2 | 4.84 | 44.63 | 49.47 | NOTE | |
r-release-macos-arm64 | 0.2.2 | 31.00 | NOTE | |||
r-release-macos-x86_64 | 0.2.2 | 43.00 | NOTE | |||
r-release-windows-x86_64 | 0.2.2 | 6.00 | 64.00 | 70.00 | NOTE | |
r-oldrel-macos-arm64 | 0.2.2 | 21.00 | NOTE | |||
r-oldrel-windows-x86_64 | 0.2.2 | 7.00 | 65.00 | 72.00 | NOTE |
Version: 0.2.2
Check: LazyData
Result: NOTE
'LazyData' is specified without a 'data' directory
Flavors: r-devel-linux-x86_64-debian-clang, r-devel-linux-x86_64-debian-gcc, r-devel-linux-x86_64-fedora-clang, r-devel-linux-x86_64-fedora-gcc, r-prerel-macos-arm64, r-prerel-windows-x86_64, r-patched-linux-x86_64, r-release-linux-x86_64, r-release-macos-arm64, r-release-macos-x86_64, r-release-windows-x86_64, r-oldrel-macos-arm64, r-oldrel-windows-x86_64