CRAN Package Check Results for Package uklr

Last updated on 2022-09-28 12:55:33 CEST.

Flavor Version Tinstall Tcheck Ttotal Status Flags
r-devel-linux-x86_64-debian-clang 1.0.2 11.90 70.08 81.98 NOTE
r-devel-linux-x86_64-debian-gcc 1.0.2 11.03 53.78 64.81 NOTE
r-devel-linux-x86_64-fedora-clang 1.0.2 114.46 NOTE
r-devel-linux-x86_64-fedora-gcc 1.0.2 119.70 NOTE
r-devel-windows-x86_64 1.0.2 22.00 102.00 124.00 NOTE
r-patched-linux-x86_64 1.0.2 13.27 64.72 77.99 OK
r-release-linux-x86_64 1.0.2 11.17 65.53 76.70 OK
r-release-macos-arm64 1.0.2 80.00 NOTE
r-release-macos-x86_64 1.0.2 58.00 OK
r-release-windows-x86_64 1.0.2 22.00 104.00 126.00 OK
r-oldrel-macos-arm64 1.0.2 94.00 NOTE
r-oldrel-macos-x86_64 1.0.2 98.00 OK
r-oldrel-windows-ix86+x86_64 1.0.2 23.00 104.00 127.00 OK

Check Details

Version: 1.0.2
Check: package subdirectories
Result: NOTE
    Problems with news in 'NEWS.md':
     Cannot extract version info from the following section titles:
     uktrans_get is fixed when start_date is used (#2)
     Extra layer of of NULL returns to fail gracefully with an informative message.
     Removed travis & appveyor and using gh_actions instead.
     Using gh-pages to create the pkgdown website.
     Create an app as vignette page to search with the help of uklr.
Flavors: r-devel-linux-x86_64-debian-clang, r-devel-linux-x86_64-debian-gcc, r-devel-linux-x86_64-fedora-clang, r-devel-linux-x86_64-fedora-gcc, r-devel-windows-x86_64

Version: 1.0.2
Check: installed package size
Result: NOTE
     installed size is 5.4Mb
     sub-directories of 1Mb or more:
     data 5.1Mb
Flavors: r-release-macos-arm64, r-oldrel-macos-arm64