Last updated on 2023-03-27 12:54:39 CEST.
Flavor | Version | Tinstall | Tcheck | Ttotal | Status | Flags |
---|---|---|---|---|---|---|
r-devel-linux-x86_64-debian-clang | 0.21 | 1.92 | 22.99 | 24.91 | NOTE | |
r-devel-linux-x86_64-debian-gcc | 0.21 | 1.74 | 18.54 | 20.28 | NOTE | |
r-devel-linux-x86_64-fedora-clang | 0.21 | 32.70 | NOTE | |||
r-devel-linux-x86_64-fedora-gcc | 0.21 | 41.97 | NOTE | |||
r-patched-linux-x86_64 | 0.21 | 1.47 | 22.97 | 24.44 | NOTE | |
r-release-linux-x86_64 | 0.21 | 1.70 | 23.60 | 25.30 | NOTE | |
r-release-macos-arm64 | 0.21 | 15.00 | NOTE | |||
r-release-macos-x86_64 | 0.21 | 24.00 | NOTE | |||
r-release-windows-x86_64 | 0.21 | 10.00 | 55.00 | 65.00 | NOTE | |
r-oldrel-macos-arm64 | 0.21 | 19.00 | NOTE | |||
r-oldrel-macos-x86_64 | 0.21 | 23.00 | NOTE | |||
r-oldrel-windows-ix86+x86_64 | 0.21 | 6.00 | 50.00 | 56.00 | NOTE |
Version: 0.21
Check: LazyData
Result: NOTE
'LazyData' is specified without a 'data' directory
Flavors: r-devel-linux-x86_64-debian-clang, r-devel-linux-x86_64-debian-gcc, r-devel-linux-x86_64-fedora-clang, r-devel-linux-x86_64-fedora-gcc, r-patched-linux-x86_64, r-release-linux-x86_64, r-release-macos-arm64, r-release-macos-x86_64, r-release-windows-x86_64, r-oldrel-macos-arm64, r-oldrel-macos-x86_64, r-oldrel-windows-ix86+x86_64