CRAN Package Check Results for Package udunits2

Last updated on 2020-07-08 06:48:03 CEST.

Flavor Version Tinstall Tcheck Ttotal Status Flags
r-devel-linux-x86_64-debian-clang 0.13 5.38 20.84 26.22 OK
r-devel-linux-x86_64-debian-gcc 0.13 3.39 16.75 20.14 OK
r-devel-linux-x86_64-fedora-clang 0.13 40.86 NOTE
r-devel-linux-x86_64-fedora-gcc 0.13 30.68 NOTE
r-devel-windows-ix86+x86_64 0.13 11.00 45.00 56.00 OK
r-patched-linux-x86_64 0.13 3.99 21.08 25.07 OK
r-patched-solaris-x86 0.13 44.50 OK
r-release-linux-x86_64 0.13 3.99 20.71 24.70 OK
r-release-osx-x86_64 0.13 OK
r-release-windows-ix86+x86_64 0.13 10.00 55.00 65.00 OK
r-oldrel-osx-x86_64 0.13 OK
r-oldrel-windows-ix86+x86_64 0.13 14.00 57.00 71.00 OK

Check Details

Version: 0.13
Check: compiled code
Result: NOTE
    File ‘udunits2/libs/udunits2.so’:
     Found no calls to: ‘R_registerRoutines’, ‘R_useDynamicSymbols’
    
    It is good practice to register native routines and to disable symbol
    search.
    
    See ‘Writing portable packages’ in the ‘Writing R Extensions’ manual.
Flavors: r-devel-linux-x86_64-fedora-clang, r-devel-linux-x86_64-fedora-gcc