Last updated on 2024-03-29 06:56:43 CET.
Flavor | Version | Tinstall | Tcheck | Ttotal | Status | Flags |
---|---|---|---|---|---|---|
r-devel-linux-x86_64-debian-clang | 1.2.6 | 726.03 | 312.19 | 1038.22 | NOTE | |
r-devel-linux-x86_64-debian-gcc | 1.2.6 | 635.38 | 266.79 | 902.17 | NOTE | |
r-devel-linux-x86_64-fedora-clang | 1.2.6 | 1285.75 | NOTE | |||
r-devel-linux-x86_64-fedora-gcc | 1.2.6 | 1629.39 | NOTE | |||
r-devel-windows-x86_64 | 1.2.6 | 501.00 | 295.00 | 796.00 | NOTE | |
r-patched-linux-x86_64 | 1.2.6 | 679.41 | 348.83 | 1028.24 | NOTE | |
r-release-linux-x86_64 | 1.2.6 | 782.16 | 343.31 | 1125.47 | NOTE | |
r-release-macos-arm64 | 1.2.6 | 535.00 | NOTE | |||
r-release-macos-x86_64 | 1.2.6 | 546.00 | NOTE | |||
r-release-windows-x86_64 | 1.2.6 | 581.00 | 381.00 | 962.00 | NOTE | |
r-oldrel-macos-arm64 | 1.2.6 | 424.00 | NOTE | |||
r-oldrel-windows-x86_64 | 1.2.6 | 612.00 | 345.00 | 957.00 | NOTE |
Version: 1.2.6
Check: for GNU extensions in Makefiles
Result: NOTE
GNU make is a SystemRequirements.
Flavors: r-devel-linux-x86_64-debian-clang, r-devel-linux-x86_64-debian-gcc, r-devel-linux-x86_64-fedora-clang, r-devel-linux-x86_64-fedora-gcc, r-devel-windows-x86_64, r-patched-linux-x86_64, r-release-linux-x86_64, r-release-macos-arm64, r-release-macos-x86_64, r-release-windows-x86_64, r-oldrel-macos-arm64, r-oldrel-windows-x86_64
Version: 1.2.6
Check: installed package size
Result: NOTE
installed size is 8.5Mb
sub-directories of 1Mb or more:
R 1.4Mb
doc 1.0Mb
libs 5.8Mb
Flavors: r-devel-linux-x86_64-fedora-clang, r-devel-windows-x86_64, r-release-macos-arm64, r-release-macos-x86_64, r-release-windows-x86_64, r-oldrel-macos-arm64, r-oldrel-windows-x86_64