CRAN Package Check Results for Package ubms

Last updated on 2022-09-27 12:53:07 CEST.

Flavor Version Tinstall Tcheck Ttotal Status Flags
r-devel-linux-x86_64-debian-clang 1.1.0 500.02 257.13 757.15 WARN
r-devel-linux-x86_64-debian-gcc 1.1.0 419.11 203.28 622.39 NOTE
r-devel-linux-x86_64-fedora-clang 1.1.0 895.61 WARN
r-devel-linux-x86_64-fedora-gcc 1.1.0 1115.96 NOTE
r-devel-windows-x86_64 1.1.0 356.00 336.00 692.00 NOTE
r-patched-linux-x86_64 1.1.0 419.78 258.75 678.53 NOTE
r-release-linux-x86_64 1.1.0 456.86 253.64 710.50 NOTE
r-release-macos-arm64 1.1.0 319.00 NOTE
r-release-macos-x86_64 1.1.0 545.00 NOTE
r-release-windows-x86_64 1.1.0 366.00 332.00 698.00 NOTE
r-oldrel-macos-arm64 1.1.0 1687.00 NOTE
r-oldrel-macos-x86_64 1.1.0 411.00 NOTE
r-oldrel-windows-ix86+x86_64 1.1.0 683.00 414.00 1097.00 NOTE

Additional issues

clang14

Check Details

Version: 1.1.0
Check: whether package can be installed
Result: WARN
    Found the following significant warnings:
     simz.cpp:31:14: warning: use of bitwise '|' with boolean operands [-Wbitwise-instead-of-logical]
Flavors: r-devel-linux-x86_64-debian-clang, r-devel-linux-x86_64-fedora-clang

Version: 1.1.0
Check: for GNU extensions in Makefiles
Result: NOTE
    GNU make is a SystemRequirements.
Flavors: r-devel-linux-x86_64-debian-clang, r-devel-linux-x86_64-debian-gcc, r-devel-linux-x86_64-fedora-clang, r-devel-linux-x86_64-fedora-gcc, r-devel-windows-x86_64, r-patched-linux-x86_64, r-release-linux-x86_64, r-release-macos-arm64, r-release-macos-x86_64, r-release-windows-x86_64, r-oldrel-macos-arm64, r-oldrel-macos-x86_64, r-oldrel-windows-ix86+x86_64

Version: 1.1.0
Check: installed package size
Result: NOTE
     installed size is 7.7Mb
     sub-directories of 1Mb or more:
     R 1.4Mb
     doc 1.0Mb
     libs 5.1Mb
Flavors: r-devel-linux-x86_64-fedora-clang, r-devel-windows-x86_64, r-release-macos-arm64, r-release-macos-x86_64, r-release-windows-x86_64, r-oldrel-macos-arm64, r-oldrel-macos-x86_64, r-oldrel-windows-ix86+x86_64