Last updated on 2024-04-19 03:56:39 CEST.
Flavor | Version | Tinstall | Tcheck | Ttotal | Status | Flags |
---|---|---|---|---|---|---|
r-devel-linux-x86_64-debian-clang | 3.4.5 | 10.56 | 135.51 | 146.07 | NOTE | |
r-devel-linux-x86_64-debian-gcc | 3.4.5 | 8.32 | 96.08 | 104.40 | NOTE | |
r-devel-linux-x86_64-fedora-clang | 3.4.5 | 177.77 | NOTE | |||
r-devel-linux-x86_64-fedora-gcc | 3.4.5 | 183.16 | NOTE | |||
r-prerel-macos-arm64 | 3.4.5 | 58.00 | NOTE | |||
r-prerel-windows-x86_64 | 3.4.5 | 9.00 | 150.00 | 159.00 | NOTE | |
r-patched-linux-x86_64 | 3.4.5 | 14.33 | 127.10 | 141.43 | NOTE | |
r-release-linux-x86_64 | 3.4.5 | 11.16 | 126.82 | 137.98 | OK | |
r-release-macos-arm64 | 3.4.5 | 64.00 | OK | |||
r-release-macos-x86_64 | 3.4.5 | 117.00 | OK | |||
r-release-windows-x86_64 | 3.4.5 | 12.00 | 164.00 | 176.00 | OK | |
r-oldrel-macos-arm64 | 3.4.5 | 55.00 | OK | |||
r-oldrel-windows-x86_64 | 3.4.5 | 12.00 | 135.00 | 147.00 | OK |
Version: 3.4.5
Check: Rd files
Result: NOTE
checkRd: (-1) alt_gsmar.Rd:50: Lost braces; missing escapes or markup?
50 | In addition to the S3 methods listed under the topic "Methods (by generic)", the \code{predict} and {simulate} methods
| ^
Flavors: r-devel-linux-x86_64-debian-clang, r-devel-linux-x86_64-debian-gcc, r-devel-linux-x86_64-fedora-clang, r-devel-linux-x86_64-fedora-gcc, r-prerel-macos-arm64, r-prerel-windows-x86_64, r-patched-linux-x86_64