CRAN Package Check Results for Package u5mr

Last updated on 2022-05-26 03:53:23 CEST.

Flavor Version Tinstall Tcheck Ttotal Status Flags
r-devel-linux-x86_64-debian-clang 0.1.1 23.20 44.77 67.97 OK
r-devel-linux-x86_64-debian-gcc 0.1.1 22.10 34.61 56.71 OK
r-devel-linux-x86_64-fedora-clang 0.1.1 91.37 NOTE
r-devel-linux-x86_64-fedora-gcc 0.1.1 79.49 NOTE
r-devel-windows-x86_64 0.1.1 34.00 66.00 100.00 OK
r-patched-linux-x86_64 0.1.1 23.40 43.18 66.58 OK
r-release-linux-x86_64 0.1.1 OK
r-release-macos-arm64 0.1.1 35.00 NOTE
r-release-macos-x86_64 0.1.1 45.00 NOTE
r-release-windows-x86_64 0.1.1 31.00 66.00 97.00 OK
r-oldrel-macos-arm64 0.1.1 46.00 NOTE
r-oldrel-macos-x86_64 0.1.1 43.00 NOTE
r-oldrel-windows-ix86+x86_64 0.1.1 38.00 59.00 97.00 OK

Check Details

Version: 0.1.1
Check: dependencies in R code
Result: NOTE
    Namespace in Imports field not imported from: ‘lifecycle’
     All declared Imports should be used.
Flavors: r-devel-linux-x86_64-fedora-clang, r-devel-linux-x86_64-fedora-gcc, r-release-macos-arm64, r-release-macos-x86_64, r-oldrel-macos-arm64, r-oldrel-macos-x86_64