Last updated on 2021-03-09 03:53:56 CET.
Flavor | Version | Tinstall | Tcheck | Ttotal | Status | Flags |
---|---|---|---|---|---|---|
r-devel-linux-x86_64-debian-clang | 0.3.5 | 10.63 | 390.95 | 401.58 | NOTE | |
r-devel-linux-x86_64-debian-gcc | 0.3.5 | 10.07 | 276.92 | 286.99 | NOTE | |
r-devel-linux-x86_64-fedora-clang | 0.3.5 | 460.90 | NOTE | |||
r-devel-linux-x86_64-fedora-gcc | 0.3.5 | 454.69 | NOTE | |||
r-devel-windows-ix86+x86_64 | 0.3.5 | 29.00 | 454.00 | 483.00 | NOTE | |
r-devel-windows-x86_64-gcc10-UCRT | 0.3.5 | NOTE | ||||
r-patched-linux-x86_64 | 0.3.5 | 12.13 | 376.47 | 388.60 | NOTE | |
r-patched-solaris-x86 | 0.3.5 | 641.50 | NOTE | |||
r-release-linux-x86_64 | 0.3.5 | 10.98 | 368.75 | 379.73 | NOTE | |
r-release-macos-x86_64 | 0.3.5 | NOTE | ||||
r-release-windows-ix86+x86_64 | 0.3.5 | 22.00 | 468.00 | 490.00 | NOTE | |
r-oldrel-macos-x86_64 | 0.3.5 | NOTE | ||||
r-oldrel-windows-ix86+x86_64 | 0.3.5 | 19.00 | 349.00 | 368.00 | NOTE |
Version: 0.3.5
Check: package dependencies
Result: NOTE
Package which this enhances but not available for checking: 'sl3'
Flavors: r-devel-linux-x86_64-debian-clang, r-devel-linux-x86_64-debian-gcc, r-devel-linux-x86_64-fedora-clang, r-devel-linux-x86_64-fedora-gcc, r-devel-windows-ix86+x86_64, r-devel-windows-x86_64-gcc10-UCRT, r-patched-linux-x86_64, r-patched-solaris-x86, r-release-linux-x86_64, r-release-macos-x86_64, r-release-windows-ix86+x86_64, r-oldrel-macos-x86_64, r-oldrel-windows-ix86+x86_64
Version: 0.3.5
Check: dependencies in R code
Result: NOTE
Namespace in Imports field not imported from: ‘tibble’
All declared Imports should be used.
Flavors: r-devel-linux-x86_64-fedora-clang, r-devel-linux-x86_64-fedora-gcc, r-devel-windows-x86_64-gcc10-UCRT, r-patched-solaris-x86, r-release-macos-x86_64, r-oldrel-macos-x86_64