CRAN Package Check Results for Package twilio

Last updated on 2022-10-01 05:51:37 CEST.

Flavor Version Tinstall Tcheck Ttotal Status Flags
r-devel-linux-x86_64-debian-clang 0.1.0 3.93 38.94 42.87 NOTE
r-devel-linux-x86_64-debian-gcc 0.1.0 3.01 30.21 33.22 NOTE
r-devel-linux-x86_64-fedora-clang 0.1.0 67.82 NOTE
r-devel-linux-x86_64-fedora-gcc 0.1.0 60.90 NOTE
r-devel-windows-x86_64 0.1.0 10.00 66.00 76.00 NOTE
r-patched-linux-x86_64 0.1.0 3.95 36.99 40.94 NOTE
r-release-linux-x86_64 0.1.0 3.78 37.34 41.12 NOTE
r-release-macos-arm64 0.1.0 16.00 NOTE
r-release-macos-x86_64 0.1.0 27.00 NOTE
r-release-windows-x86_64 0.1.0 8.00 63.00 71.00 NOTE
r-oldrel-macos-arm64 0.1.0 23.00 NOTE
r-oldrel-macos-x86_64 0.1.0 33.00 NOTE
r-oldrel-windows-ix86+x86_64 0.1.0 9.00 60.00 69.00 NOTE

Check Details

Version: 0.1.0
Check: LazyData
Result: NOTE
     'LazyData' is specified without a 'data' directory
Flavors: r-devel-linux-x86_64-debian-clang, r-devel-linux-x86_64-debian-gcc, r-devel-linux-x86_64-fedora-clang, r-devel-linux-x86_64-fedora-gcc, r-devel-windows-x86_64, r-patched-linux-x86_64, r-release-linux-x86_64, r-release-macos-arm64, r-release-macos-x86_64, r-release-windows-x86_64, r-oldrel-macos-arm64, r-oldrel-macos-x86_64, r-oldrel-windows-ix86+x86_64