Last updated on 2024-04-24 06:19:32 CEST.
Flavor | Version | Tinstall | Tcheck | Ttotal | Status | Flags |
---|---|---|---|---|---|---|
r-devel-linux-x86_64-debian-clang | 1.0.0 | 9.84 | 93.04 | 102.88 | OK | |
r-devel-linux-x86_64-debian-gcc | 1.0.0 | 6.77 | 68.18 | 74.95 | OK | |
r-devel-linux-x86_64-fedora-clang | 1.0.0 | 125.60 | NOTE | |||
r-devel-linux-x86_64-fedora-gcc | 1.0.0 | 132.62 | NOTE | |||
r-prerel-macos-arm64 | 1.0.0 | 43.00 | OK | |||
r-prerel-windows-x86_64 | 1.0.0 | 8.00 | 86.00 | 94.00 | OK | |
r-patched-linux-x86_64 | 1.0.0 | 9.85 | 86.49 | 96.34 | OK | |
r-release-linux-x86_64 | 1.0.0 | 6.15 | 86.83 | 92.98 | OK | |
r-release-macos-arm64 | 1.0.0 | 50.00 | OK | |||
r-release-macos-x86_64 | 1.0.0 | 74.00 | OK | |||
r-release-windows-x86_64 | 1.0.0 | 11.00 | 98.00 | 109.00 | OK | |
r-oldrel-macos-arm64 | 1.0.0 | 37.00 | NOTE | |||
r-oldrel-windows-x86_64 | 1.0.0 | 11.00 | 100.00 | 111.00 | OK |
Version: 1.0.0
Check: dependencies in R code
Result: NOTE
Namespace in Imports field not imported from: ‘Rcpp’
All declared Imports should be used.
Flavors: r-devel-linux-x86_64-fedora-clang, r-devel-linux-x86_64-fedora-gcc, r-oldrel-macos-arm64