Last updated on 2023-06-02 06:54:00 CEST.
Flavor | Version | Tinstall | Tcheck | Ttotal | Status | Flags |
---|---|---|---|---|---|---|
r-devel-linux-x86_64-debian-clang | 2.5 | 21.25 | 162.98 | 184.23 | NOTE | --no-vignettes |
r-devel-linux-x86_64-debian-gcc | 2.5 | 18.29 | 120.46 | 138.75 | NOTE | --no-vignettes |
r-devel-linux-x86_64-fedora-clang | 2.5 | 345.77 | NOTE | |||
r-devel-linux-x86_64-fedora-gcc | 2.5 | 337.71 | NOTE | |||
r-devel-windows-x86_64 | 2.5 | 21.00 | 141.00 | 162.00 | NOTE | --no-vignettes |
r-patched-linux-x86_64 | 2.5 | NOTE | --no-vignettes | |||
r-release-linux-x86_64 | 2.5 | 19.64 | 151.57 | 171.21 | NOTE | --no-vignettes |
r-release-macos-arm64 | 2.5 | 138.00 | NOTE | |||
r-release-macos-x86_64 | 2.5 | 227.00 | NOTE | |||
r-release-windows-x86_64 | 2.5 | 28.00 | 158.00 | 186.00 | NOTE | --no-vignettes |
r-oldrel-macos-arm64 | 2.5 | 115.00 | OK | |||
r-oldrel-macos-x86_64 | 2.5 | 201.00 | OK | |||
r-oldrel-windows-x86_64 | 2.5 | 27.00 | 172.00 | 199.00 | OK | --no-vignettes |
Version: 2.5
Flags: --no-vignettes
Check: Rd files
Result: NOTE
checkRd: (-1) lindner.Rd:44: Escaped LaTeX specials: \_
Flavors: r-devel-linux-x86_64-debian-clang, r-devel-linux-x86_64-debian-gcc, r-devel-windows-x86_64, r-patched-linux-x86_64, r-release-linux-x86_64, r-release-windows-x86_64
Version: 2.5
Check: Rd files
Result: NOTE
checkRd: (-1) lindner.Rd:44: Escaped LaTeX specials: \_
Flavors: r-devel-linux-x86_64-fedora-clang, r-devel-linux-x86_64-fedora-gcc, r-release-macos-arm64, r-release-macos-x86_64