CRAN Package Check Results for Package tutorial

Last updated on 2022-01-27 21:50:16 CET.

Flavor Version Tinstall Tcheck Ttotal Status Flags
r-devel-linux-x86_64-debian-clang 0.4.3 2.14 40.77 42.91 NOTE
r-devel-linux-x86_64-debian-gcc 0.4.3 1.91 32.17 34.08 NOTE
r-devel-linux-x86_64-fedora-clang 0.4.3 52.18 NOTE
r-devel-linux-x86_64-fedora-gcc 0.4.3 42.02 NOTE
r-devel-windows-x86_64-new-UL 0.4.3 27.00 75.00 102.00 NOTE
r-devel-windows-x86_64-new-TK 0.4.3 NOTE
r-patched-linux-x86_64 0.4.3 2.04 38.25 40.29 NOTE
r-release-linux-x86_64 0.4.3 2.13 39.00 41.13 NOTE
r-release-macos-arm64 0.4.3 NOTE
r-release-macos-x86_64 0.4.3 NOTE
r-release-windows-ix86+x86_64 0.4.3 5.00 60.00 65.00 NOTE
r-oldrel-macos-x86_64 0.4.3 OK
r-oldrel-windows-ix86+x86_64 0.4.3 5.00 60.00 65.00 OK

Check Details

Version: 0.4.3
Check: LazyData
Result: NOTE
     'LazyData' is specified without a 'data' directory
Flavors: r-devel-linux-x86_64-debian-clang, r-devel-linux-x86_64-debian-gcc, r-devel-linux-x86_64-fedora-clang, r-devel-linux-x86_64-fedora-gcc, r-devel-windows-x86_64-new-UL, r-devel-windows-x86_64-new-TK, r-patched-linux-x86_64, r-release-linux-x86_64, r-release-macos-arm64, r-release-macos-x86_64, r-release-windows-ix86+x86_64