Last updated on 2024-03-18 20:53:12 CET.
Flavor | Version | Tinstall | Tcheck | Ttotal | Status | Flags |
---|---|---|---|---|---|---|
r-devel-linux-x86_64-debian-clang | 0.1.7 | 2.04 | 30.81 | 32.85 | NOTE | |
r-devel-linux-x86_64-debian-gcc | 0.1.7 | 1.86 | 24.06 | 25.92 | NOTE | |
r-devel-linux-x86_64-fedora-clang | 0.1.7 | 44.98 | NOTE | |||
r-devel-linux-x86_64-fedora-gcc | 0.1.7 | 55.65 | NOTE | |||
r-devel-windows-x86_64 | 0.1.7 | 3.00 | 59.00 | 62.00 | NOTE | |
r-patched-linux-x86_64 | 0.1.7 | 2.74 | 28.30 | 31.04 | OK | |
r-release-linux-x86_64 | 0.1.7 | 2.33 | 27.70 | 30.03 | OK | |
r-release-macos-arm64 | 0.1.7 | 24.00 | OK | |||
r-release-macos-x86_64 | 0.1.7 | 36.00 | OK | |||
r-release-windows-x86_64 | 0.1.7 | 4.00 | 58.00 | 62.00 | OK | |
r-oldrel-macos-arm64 | 0.1.7 | 21.00 | OK | |||
r-oldrel-windows-x86_64 | 0.1.7 | 4.00 | 58.00 | 62.00 | OK |
Version: 0.1.7
Check: package vignettes
Result: NOTE
Package vignette with \VignetteEngine{} not specifying an engine package:
‘turner_introduction.Rnw’
Engines should be specified as \VignetteEngine{PKG::ENG}.
Flavors: r-devel-linux-x86_64-debian-clang, r-devel-linux-x86_64-debian-gcc, r-devel-linux-x86_64-fedora-clang, r-devel-linux-x86_64-fedora-gcc, r-devel-windows-x86_64