Last updated on 2023-03-25 03:52:14 CET.
Flavor | Version | Tinstall | Tcheck | Ttotal | Status | Flags |
---|---|---|---|---|---|---|
r-devel-linux-x86_64-debian-clang | 1.4.3 | 17.97 | 69.83 | 87.80 | NOTE | |
r-devel-linux-x86_64-debian-gcc | 1.4.3 | 12.67 | 53.93 | 66.60 | NOTE | |
r-devel-linux-x86_64-fedora-clang | 1.4.3 | 112.85 | NOTE | |||
r-devel-linux-x86_64-fedora-gcc | 1.4.3 | 101.50 | NOTE | |||
r-patched-linux-x86_64 | 1.4.3 | 19.31 | 63.13 | 82.44 | OK | |
r-release-linux-x86_64 | 1.4.3 | 15.28 | 63.42 | 78.70 | OK | |
r-release-macos-arm64 | 1.4.3 | 32.00 | OK | |||
r-release-macos-x86_64 | 1.4.3 | 44.00 | OK | |||
r-release-windows-x86_64 | 1.4.3 | 78.00 | 118.00 | 196.00 | OK | |
r-oldrel-macos-arm64 | 1.4.3 | 32.00 | OK | |||
r-oldrel-macos-x86_64 | 1.4.3 | 52.00 | OK | |||
r-oldrel-windows-ix86+x86_64 | 1.4.3 | 42.00 | 114.00 | 156.00 | OK |
Version: 1.4.3
Check: Rd \usage sections
Result: NOTE
S3 methods shown with full name in documentation object ‘plot-Wave’:
‘plot.Wave.channel’
The \usage entries for S3 methods should use the \method markup and not
their full name.
See chapter ‘Writing R documentation files’ in the ‘Writing R
Extensions’ manual.
Flavors: r-devel-linux-x86_64-debian-clang, r-devel-linux-x86_64-debian-gcc, r-devel-linux-x86_64-fedora-clang, r-devel-linux-x86_64-fedora-gcc