CRAN Package Check Results for Package tuneR

Last updated on 2022-09-26 06:51:26 CEST.

Flavor Version Tinstall Tcheck Ttotal Status Flags
r-devel-linux-x86_64-debian-clang 1.4.0 13.78 67.49 81.27 OK
r-devel-linux-x86_64-debian-gcc 1.4.0 12.96 50.15 63.11 OK
r-devel-linux-x86_64-fedora-clang 1.4.0 125.40 WARN
r-devel-linux-x86_64-fedora-gcc 1.4.0 109.13 OK
r-devel-windows-x86_64 1.4.0 50.00 115.00 165.00 OK
r-patched-linux-x86_64 1.4.0 15.53 62.15 77.68 OK
r-release-linux-x86_64 1.4.0 14.71 61.77 76.48 OK
r-release-macos-arm64 1.4.0 32.00 OK
r-release-macos-x86_64 1.4.0 52.00 OK
r-release-windows-x86_64 1.4.0 97.00 106.00 203.00 OK
r-oldrel-macos-arm64 1.4.0 30.00 OK
r-oldrel-macos-x86_64 1.4.0 42.00 OK
r-oldrel-windows-ix86+x86_64 1.4.0 41.00 109.00 150.00 OK

Additional issues

clang15

Check Details

Version: 1.4.0
Check: whether package can be installed
Result: WARN
    Found the following significant warnings:
     ./pulse.h:3:35: warning: invalid UTF-8 in comment [-Winvalid-utf8]
     ./pulse.h:3:51: warning: invalid UTF-8 in comment [-Winvalid-utf8]
     ./pulse.h:3:61: warning: invalid UTF-8 in comment [-Winvalid-utf8]
     pulse.c:3:35: warning: invalid UTF-8 in comment [-Winvalid-utf8]
     pulse.c:3:51: warning: invalid UTF-8 in comment [-Winvalid-utf8]
     pulse.c:3:61: warning: invalid UTF-8 in comment [-Winvalid-utf8]
Flavor: r-devel-linux-x86_64-fedora-clang