Last updated on 2024-04-26 12:54:55 CEST.
Flavor | Version | Tinstall | Tcheck | Ttotal | Status | Flags |
---|---|---|---|---|---|---|
r-devel-linux-x86_64-debian-clang | 0.3.3 | 10.45 | 40.38 | 50.83 | NOTE | |
r-devel-linux-x86_64-debian-gcc | 0.3.3 | 8.37 | 30.91 | 39.28 | NOTE | |
r-devel-linux-x86_64-fedora-clang | 0.3.3 | 71.45 | NOTE | |||
r-devel-linux-x86_64-fedora-gcc | 0.3.3 | 68.22 | NOTE | |||
r-devel-windows-x86_64 | 0.3.3 | 11.00 | 59.00 | 70.00 | NOTE | |
r-patched-linux-x86_64 | 0.3.3 | 11.47 | 39.92 | 51.39 | NOTE | |
r-release-linux-x86_64 | 0.3.3 | 9.61 | 37.45 | 47.06 | NOTE | |
r-release-macos-arm64 | 0.3.3 | 21.00 | NOTE | |||
r-release-windows-x86_64 | 0.3.3 | 10.00 | 58.00 | 68.00 | NOTE | |
r-oldrel-macos-arm64 | 0.3.3 | 23.00 | NOTE | |||
r-oldrel-macos-x86_64 | 0.3.3 | 33.00 | NOTE | |||
r-oldrel-windows-x86_64 | 0.3.3 | 10.00 | 62.00 | 72.00 | NOTE |
Version: 0.3.3
Check: package subdirectories
Result: NOTE
Problems with news in ‘NEWS.md’:
No news entries found.
Flavors: r-devel-linux-x86_64-debian-clang, r-devel-linux-x86_64-debian-gcc, r-devel-linux-x86_64-fedora-clang, r-devel-linux-x86_64-fedora-gcc, r-devel-windows-x86_64, r-patched-linux-x86_64, r-release-linux-x86_64, r-release-macos-arm64, r-release-windows-x86_64, r-oldrel-macos-arm64, r-oldrel-macos-x86_64, r-oldrel-windows-x86_64