Last updated on 2023-03-21 03:55:04 CET.
Flavor | Version | Tinstall | Tcheck | Ttotal | Status | Flags |
---|---|---|---|---|---|---|
r-devel-linux-x86_64-debian-clang | 2.1.0 | OK | ||||
r-devel-linux-x86_64-debian-gcc | 2.1.0 | 17.29 | 121.02 | 138.31 | OK | |
r-devel-linux-x86_64-fedora-clang | 2.1.0 | 221.21 | OK | |||
r-devel-linux-x86_64-fedora-gcc | 2.1.0 | 210.56 | OK | |||
r-patched-linux-x86_64 | 2.1.0 | 21.69 | 149.91 | 171.60 | OK | |
r-release-linux-x86_64 | 2.1.0 | 18.51 | 147.76 | 166.27 | OK | |
r-release-macos-arm64 | 2.1.0 | 55.00 | OK | |||
r-release-macos-x86_64 | 2.1.0 | 93.00 | OK | |||
r-release-windows-x86_64 | 2.1.0 | 98.00 | 270.00 | 368.00 | OK | |
r-oldrel-macos-arm64 | 2.1.0 | 60.00 | OK | |||
r-oldrel-macos-x86_64 | 2.1.0 | 95.00 | OK | |||
r-oldrel-windows-ix86+x86_64 | 2.1.0 | 42.00 | 217.00 | 259.00 | NOTE |
Version: 2.1.0
Check: R code for possible problems
Result: NOTE
Initiating curl with CURL_SSL_BACKEND: openssl
Flavor: r-oldrel-windows-ix86+x86_64