Last updated on 2024-04-23 05:58:31 CEST.
Flavor | Version | Tinstall | Tcheck | Ttotal | Status | Flags |
---|---|---|---|---|---|---|
r-devel-linux-x86_64-debian-clang | 0.6-10 | 8.20 | 92.24 | 100.44 | OK | |
r-devel-linux-x86_64-debian-gcc | 0.6-10 | 7.73 | 67.54 | 75.27 | OK | |
r-devel-linux-x86_64-fedora-clang | 0.6-10 | 128.27 | NOTE | |||
r-devel-linux-x86_64-fedora-gcc | 0.6-10 | 132.81 | OK | |||
r-prerel-macos-arm64 | 0.6-10 | 42.00 | OK | |||
r-prerel-macos-x86_64 | 0.6-10 | 93.00 | OK | |||
r-prerel-windows-x86_64 | 0.6-10 | 8.00 | 99.00 | 107.00 | OK | |
r-patched-linux-x86_64 | 0.6-10 | 11.16 | 89.08 | 100.24 | OK | |
r-release-linux-x86_64 | 0.6-10 | 7.48 | 86.79 | 94.27 | OK | |
r-release-macos-arm64 | 0.6-10 | 51.00 | OK | |||
r-release-macos-x86_64 | 0.6-10 | 87.00 | OK | |||
r-release-windows-x86_64 | 0.6-10 | 12.00 | 106.00 | 118.00 | OK | |
r-oldrel-macos-arm64 | 0.6-10 | 47.00 | OK | |||
r-oldrel-windows-x86_64 | 0.6-10 | 12.00 | 110.00 | 122.00 | OK |
Version: 0.6-10
Check: Rd cross-references
Result: NOTE
Undeclared package ‘tseries’ in Rd xrefs
Flavor: r-devel-linux-x86_64-fedora-clang