Last updated on 2024-04-19 21:56:44 CEST.
Flavor | Version | Tinstall | Tcheck | Ttotal | Status | Flags |
---|---|---|---|---|---|---|
r-devel-linux-x86_64-debian-clang | 0.4.15 | 53.26 | 136.65 | 189.91 | NOTE | |
r-devel-linux-x86_64-debian-gcc | 0.4.15 | NOTE | ||||
r-devel-linux-x86_64-fedora-clang | 0.4.15 | 256.17 | NOTE | |||
r-devel-linux-x86_64-fedora-gcc | 0.4.15 | 251.91 | NOTE | |||
r-prerel-macos-arm64 | 0.4.15 | 66.00 | NOTE | |||
r-prerel-windows-x86_64 | 0.4.15 | 51.00 | 145.00 | 196.00 | NOTE | |
r-patched-linux-x86_64 | 0.4.15 | 57.77 | 126.61 | 184.38 | NOTE | |
r-release-linux-x86_64 | 0.4.15 | 55.28 | 124.66 | 179.94 | NOTE | |
r-release-macos-arm64 | 0.4.15 | 71.00 | NOTE | |||
r-release-macos-x86_64 | 0.4.15 | 114.00 | NOTE | |||
r-release-windows-x86_64 | 0.4.15 | 60.00 | 165.00 | 225.00 | NOTE | |
r-oldrel-macos-arm64 | 0.4.15 | 63.00 | NOTE | |||
r-oldrel-windows-x86_64 | 0.4.15 | 60.00 | 144.00 | 204.00 | NOTE |
Version: 0.4.15
Check: C++ specification
Result: NOTE
Specified C++11: please drop specification unless essential
Flavors: r-devel-linux-x86_64-debian-clang, r-devel-linux-x86_64-debian-gcc, r-devel-linux-x86_64-fedora-clang, r-devel-linux-x86_64-fedora-gcc, r-prerel-macos-arm64, r-prerel-windows-x86_64, r-patched-linux-x86_64, r-release-linux-x86_64, r-release-macos-arm64, r-release-macos-x86_64, r-release-windows-x86_64
Version: 0.4.15
Check: for GNU extensions in Makefiles
Result: NOTE
GNU make is a SystemRequirements.
Flavors: r-devel-linux-x86_64-debian-clang, r-devel-linux-x86_64-debian-gcc, r-devel-linux-x86_64-fedora-clang, r-devel-linux-x86_64-fedora-gcc, r-prerel-macos-arm64, r-prerel-windows-x86_64, r-patched-linux-x86_64, r-release-linux-x86_64, r-release-macos-arm64, r-release-macos-x86_64, r-release-windows-x86_64, r-oldrel-macos-arm64, r-oldrel-windows-x86_64
Version: 0.4.15
Check: installed package size
Result: NOTE
installed size is 6.3Mb
sub-directories of 1Mb or more:
data 4.6Mb
Flavors: r-devel-linux-x86_64-fedora-clang, r-prerel-macos-arm64, r-prerel-windows-x86_64, r-release-macos-arm64, r-release-macos-x86_64, r-release-windows-x86_64, r-oldrel-macos-arm64, r-oldrel-windows-x86_64