CRAN Package Check Results for Package tsmp

Last updated on 2020-08-11 12:50:18 CEST.

Flavor Version Tinstall Tcheck Ttotal Status Flags
r-devel-linux-x86_64-debian-clang 0.4.14 52.48 102.57 155.05 NOTE
r-devel-linux-x86_64-debian-gcc 0.4.14 41.82 77.61 119.43 NOTE
r-devel-linux-x86_64-fedora-clang 0.4.14 206.77 NOTE
r-devel-linux-x86_64-fedora-gcc 0.4.14 192.42 NOTE
r-devel-windows-ix86+x86_64 0.4.14 121.00 211.00 332.00 NOTE
r-patched-linux-x86_64 0.4.14 45.11 102.87 147.98 NOTE
r-patched-solaris-x86 0.4.14 209.00 NOTE
r-release-linux-x86_64 0.4.14 45.49 101.66 147.15 NOTE
r-release-macos-x86_64 0.4.14 NOTE
r-release-windows-ix86+x86_64 0.4.14 127.00 208.00 335.00 NOTE
r-oldrel-macos-x86_64 0.4.14 NOTE
r-oldrel-windows-ix86+x86_64 0.4.14 86.00 154.00 240.00 NOTE

Additional issues

clang-UBSAN

Check Details

Version: 0.4.14
Check: for GNU extensions in Makefiles
Result: NOTE
    GNU make is a SystemRequirements.
Flavors: r-devel-linux-x86_64-debian-clang, r-devel-linux-x86_64-debian-gcc, r-devel-linux-x86_64-fedora-clang, r-devel-linux-x86_64-fedora-gcc, r-devel-windows-ix86+x86_64, r-patched-linux-x86_64, r-patched-solaris-x86, r-release-linux-x86_64, r-release-macos-x86_64, r-release-windows-ix86+x86_64, r-oldrel-macos-x86_64, r-oldrel-windows-ix86+x86_64

Version: 0.4.14
Check: installed package size
Result: NOTE
     installed size is 8.7Mb
     sub-directories of 1Mb or more:
     data 4.6Mb
     libs 2.8Mb
Flavors: r-devel-linux-x86_64-fedora-clang, r-devel-windows-ix86+x86_64, r-patched-solaris-x86, r-release-macos-x86_64, r-release-windows-ix86+x86_64, r-oldrel-macos-x86_64, r-oldrel-windows-ix86+x86_64