Last updated on 2025-04-30 12:49:19 CEST.
Flavor | Version | Tinstall | Tcheck | Ttotal | Status | Flags |
---|---|---|---|---|---|---|
r-devel-linux-x86_64-debian-gcc | 1.0.1 | 170.73 | 288.15 | 458.88 | OK | |
r-devel-linux-x86_64-fedora-clang | 1.0.1 | 984.40 | OK | |||
r-devel-linux-x86_64-fedora-gcc | 1.0.1 | 1204.44 | OK | |||
r-devel-windows-x86_64 | 1.0.1 | 150.00 | 407.00 | 557.00 | OK | |
r-patched-linux-x86_64 | 1.0.1 | 223.13 | 413.40 | 636.53 | OK | |
r-release-macos-arm64 | 1.0.1 | 189.00 | OK | |||
r-release-macos-x86_64 | 1.0.1 | 368.00 | OK | |||
r-release-windows-x86_64 | 1.0.1 | 159.00 | 450.00 | 609.00 | OK | |
r-oldrel-macos-arm64 | 1.0.1 | 273.00 | NOTE | |||
r-oldrel-macos-x86_64 | 1.0.1 | 422.00 | NOTE |
Version: 1.0.1
Check: installed package size
Result: NOTE
installed size is 122.4Mb
sub-directories of 1Mb or more:
libs 120.7Mb
Flavors: r-oldrel-macos-arm64, r-oldrel-macos-x86_64