Last updated on 2024-03-28 06:53:05 CET.
Flavor | Version | Tinstall | Tcheck | Ttotal | Status | Flags |
---|---|---|---|---|---|---|
r-devel-linux-x86_64-debian-clang | 0.1.0 | 13.25 | 81.53 | 94.78 | OK | |
r-devel-linux-x86_64-debian-gcc | 0.1.0 | 9.88 | 63.26 | 73.14 | OK | |
r-devel-linux-x86_64-fedora-clang | 0.1.0 | 123.50 | NOTE | |||
r-devel-linux-x86_64-fedora-gcc | 0.1.0 | 119.13 | NOTE | |||
r-devel-windows-x86_64 | 0.1.0 | 11.00 | 78.00 | 89.00 | OK | |
r-patched-linux-x86_64 | 0.1.0 | 11.17 | 80.72 | 91.89 | OK | |
r-release-linux-x86_64 | 0.1.0 | 9.35 | 78.26 | 87.61 | OK | |
r-release-macos-arm64 | 0.1.0 | 38.00 | OK | |||
r-release-macos-x86_64 | 0.1.0 | 58.00 | OK | |||
r-release-windows-x86_64 | 0.1.0 | 15.00 | 96.00 | 111.00 | OK | |
r-oldrel-macos-arm64 | 0.1.0 | 35.00 | NOTE | |||
r-oldrel-windows-x86_64 | 0.1.0 | 16.00 | 99.00 | 115.00 | OK |
Version: 0.1.0
Check: dependencies in R code
Result: NOTE
Namespaces in Imports field not imported from:
‘R6’ ‘crosstalk’
All declared Imports should be used.
Flavors: r-devel-linux-x86_64-fedora-clang, r-devel-linux-x86_64-fedora-gcc, r-oldrel-macos-arm64