Last updated on 2023-03-27 06:50:24 CEST.
Flavor | Version | Tinstall | Tcheck | Ttotal | Status | Flags |
---|---|---|---|---|---|---|
r-devel-linux-x86_64-debian-clang | 1.1 | 10.30 | 110.18 | 120.48 | OK | |
r-devel-linux-x86_64-debian-gcc | 1.1 | 6.84 | 82.84 | 89.68 | OK | |
r-devel-linux-x86_64-fedora-clang | 1.1 | 143.50 | OK | |||
r-devel-linux-x86_64-fedora-gcc | 1.1 | 150.31 | OK | |||
r-patched-linux-x86_64 | 1.1 | 6.30 | 104.06 | 110.36 | OK | |
r-release-linux-x86_64 | 1.1 | 7.53 | 103.72 | 111.25 | OK | |
r-release-macos-arm64 | 1.1 | 50.00 | OK | |||
r-release-macos-x86_64 | 1.1 | 66.00 | OK | |||
r-release-windows-x86_64 | 1.1 | 50.00 | 150.00 | 200.00 | OK | |
r-oldrel-macos-arm64 | 1.1 | 47.00 | OK | |||
r-oldrel-macos-x86_64 | 1.1 | 71.00 | OK | |||
r-oldrel-windows-ix86+x86_64 | 1.1 | 22.00 | 143.00 | 165.00 | NOTE |
Version: 1.1
Check: R code for possible problems
Result: NOTE
Initiating curl with CURL_SSL_BACKEND: openssl
Flavor: r-oldrel-windows-ix86+x86_64