CRAN Package Check Results for Package tseriesChaos

Last updated on 2023-10-04 13:01:28 CEST.

Flavor Version Tinstall Tcheck Ttotal Status Flags
r-devel-linux-x86_64-debian-clang 0.1-13.1 4.86 28.84 33.70 OK
r-devel-linux-x86_64-debian-gcc 0.1-13.1 4.16 23.03 27.19 OK
r-devel-linux-x86_64-fedora-clang 0.1-13.1 42.89 NOTE
r-devel-linux-x86_64-fedora-gcc 0.1-13.1 41.26 NOTE
r-devel-windows-x86_64 0.1-13.1 9.00 46.00 55.00 OK
r-patched-linux-x86_64 0.1-13.1 5.39 28.70 34.09 OK
r-release-linux-x86_64 0.1-13.1 5.06 28.79 33.85 OK
r-release-macos-arm64 0.1-13.1 30.00 OK
r-release-macos-x86_64 0.1-13.1 27.00 OK
r-release-windows-x86_64 0.1-13.1 9.00 45.00 54.00 OK
r-oldrel-macos-arm64 0.1-13.1 19.00 OK
r-oldrel-macos-x86_64 0.1-13.1 24.00 OK
r-oldrel-windows-x86_64 0.1-13.1 12.00 58.00 70.00 OK

Check Details

Version: 0.1-13.1
Check: compiled code
Result: NOTE
    File ‘tseriesChaos/libs/tseriesChaos.so’:
     Found no calls to: ‘R_registerRoutines’, ‘R_useDynamicSymbols’
    
    It is good practice to register native routines and to disable symbol
    search.
    
    See ‘Writing portable packages’ in the ‘Writing R Extensions’ manual.
Flavors: r-devel-linux-x86_64-fedora-clang, r-devel-linux-x86_64-fedora-gcc