Last updated on 2023-10-04 20:42:43 CEST.
Flavor | Version | Tinstall | Tcheck | Ttotal | Status | Flags |
---|---|---|---|---|---|---|
r-devel-linux-x86_64-debian-clang | 1.0.0 | 47.56 | 168.42 | 215.98 | OK | |
r-devel-linux-x86_64-debian-gcc | 1.0.0 | 33.75 | 119.84 | 153.59 | OK | |
r-devel-linux-x86_64-fedora-clang | 1.0.0 | 266.35 | OK | |||
r-devel-linux-x86_64-fedora-gcc | 1.0.0 | 260.72 | OK | |||
r-devel-windows-x86_64 | 1.0.0 | 39.00 | 154.00 | 193.00 | OK | |
r-patched-linux-x86_64 | 1.0.0 | 40.59 | 156.81 | 197.40 | OK | |
r-release-linux-x86_64 | 1.0.0 | 32.77 | 152.78 | 185.55 | OK | |
r-release-macos-arm64 | 1.0.0 | 79.00 | OK | |||
r-release-macos-x86_64 | 1.0.0 | 127.00 | OK | |||
r-release-windows-x86_64 | 1.0.0 | 53.00 | 189.00 | 242.00 | OK | |
r-oldrel-macos-arm64 | 1.0.0 | 70.00 | OK | |||
r-oldrel-macos-x86_64 | 1.0.0 | 124.00 | NOTE | |||
r-oldrel-windows-x86_64 | 1.0.0 | 50.00 | 190.00 | 240.00 | OK |
Version: 1.0.0
Check: package dependencies
Result: NOTE
Package suggested but not available for checking: ‘MTS’
Flavor: r-oldrel-macos-x86_64
Version: 1.0.0
Check: Rd cross-references
Result: NOTE
Package unavailable to check Rd xrefs: ‘MTS’
Flavor: r-oldrel-macos-x86_64