CRAN Package Check Results for Package trustedtimestamping

Last updated on 2021-08-01 06:49:45 CEST.

Flavor Version Tinstall Tcheck Ttotal Status Flags
r-devel-linux-x86_64-debian-clang 0.2.6 2.34 24.20 26.54 NOTE
r-devel-linux-x86_64-debian-gcc 0.2.6 1.82 19.50 21.32 NOTE
r-devel-linux-x86_64-fedora-clang 0.2.6 41.13 NOTE
r-devel-linux-x86_64-fedora-gcc 0.2.6 30.47 NOTE
r-devel-windows-x86_64 0.2.6 4.00 40.00 44.00 NOTE
r-devel-windows-x86_64-gcc10-UCRT 0.2.6 NOTE
r-patched-linux-x86_64 0.2.6 NOTE
r-patched-solaris-x86 0.2.6 50.50 NOTE
r-release-linux-x86_64 0.2.6 2.30 23.59 25.89 NOTE
r-release-macos-arm64 0.2.6 NOTE
r-release-macos-x86_64 0.2.6 NOTE
r-release-windows-ix86+x86_64 0.2.6 5.00 29.00 34.00 NOTE
r-oldrel-macos-x86_64 0.2.6 OK
r-oldrel-windows-ix86+x86_64 0.2.6 5.00 40.00 45.00 OK

Check Details

Version: 0.2.6
Check: LazyData
Result: NOTE
     'LazyData' is specified without a 'data' directory
Flavors: r-devel-linux-x86_64-debian-clang, r-devel-linux-x86_64-debian-gcc, r-devel-linux-x86_64-fedora-clang, r-devel-linux-x86_64-fedora-gcc, r-devel-windows-x86_64, r-devel-windows-x86_64-gcc10-UCRT, r-patched-linux-x86_64, r-patched-solaris-x86, r-release-linux-x86_64, r-release-macos-arm64, r-release-macos-x86_64, r-release-windows-ix86+x86_64