CRAN Package Check Results for Package trustOptim

Last updated on 2023-09-23 12:57:56 CEST.

Flavor Version Tinstall Tcheck Ttotal Status Flags
r-devel-linux-x86_64-debian-clang 0.8.7.3 48.18 77.54 125.72 NOTE
r-devel-linux-x86_64-debian-gcc 0.8.7.3 38.17 62.09 100.26 NOTE
r-devel-linux-x86_64-fedora-clang 0.8.7.3 165.15 NOTE
r-devel-linux-x86_64-fedora-gcc 0.8.7.3 205.34 NOTE
r-devel-windows-x86_64 0.8.7.3 38.00 94.00 132.00 NOTE
r-patched-linux-x86_64 0.8.7.3 48.93 79.47 128.40 NOTE
r-release-linux-x86_64 0.8.7.3 46.27 78.86 125.13 NOTE
r-release-macos-arm64 0.8.7.3 68.00 NOTE
r-release-macos-x86_64 0.8.7.3 100.00 NOTE
r-release-windows-x86_64 0.8.7.3 49.00 110.00 159.00 NOTE
r-oldrel-macos-arm64 0.8.7.3 51.00 NOTE
r-oldrel-macos-x86_64 0.8.7.3 70.00 NOTE
r-oldrel-windows-x86_64 0.8.7.3 47.00 110.00 157.00 OK

Check Details

Version: 0.8.7.3
Check: C++ specification
Result: NOTE
     Specified C++11: please drop specification unless essential
Flavors: r-devel-linux-x86_64-debian-clang, r-devel-linux-x86_64-debian-gcc, r-devel-linux-x86_64-fedora-clang, r-devel-linux-x86_64-fedora-gcc, r-devel-windows-x86_64, r-patched-linux-x86_64, r-release-linux-x86_64, r-release-macos-arm64, r-release-macos-x86_64, r-release-windows-x86_64

Version: 0.8.7.3
Check: installed package size
Result: NOTE
     installed size is 8.9Mb
     sub-directories of 1Mb or more:
     libs 8.6Mb
Flavors: r-release-macos-arm64, r-release-macos-x86_64, r-oldrel-macos-arm64, r-oldrel-macos-x86_64