Last updated on 2025-02-04 03:50:03 CET.
Flavor | Version | Tinstall | Tcheck | Ttotal | Status | Flags |
---|---|---|---|---|---|---|
r-devel-linux-x86_64-debian-clang | 0.1.1 | 1.84 | 17.64 | 19.48 | OK | |
r-devel-linux-x86_64-debian-gcc | 0.1.1 | 1.57 | 14.52 | 16.09 | OK | |
r-devel-linux-x86_64-fedora-clang | 0.1.1 | 31.75 | OK | |||
r-devel-linux-x86_64-fedora-gcc | 0.1.1 | 29.89 | OK | |||
r-devel-windows-x86_64 | 0.1.1 | 3.00 | 38.00 | 41.00 | OK | |
r-patched-linux-x86_64 | 0.1.1 | 2.16 | 17.04 | 19.20 | NOTE | |
r-release-linux-x86_64 | 0.1.1 | 1.95 | 16.98 | 18.93 | NOTE | |
r-release-macos-arm64 | 0.1.1 | 13.00 | NOTE | |||
r-release-macos-x86_64 | 0.1.1 | 20.00 | NOTE | |||
r-release-windows-x86_64 | 0.1.1 | 3.00 | 38.00 | 41.00 | NOTE | |
r-oldrel-macos-arm64 | 0.1.1 | 13.00 | NOTE | |||
r-oldrel-macos-x86_64 | 0.1.1 | 19.00 | NOTE | |||
r-oldrel-windows-x86_64 | 0.1.1 | 5.00 | 38.00 | 43.00 | NOTE |
Version: 0.1.1
Check: LazyData
Result: NOTE
'LazyData' is specified without a 'data' directory
Flavors: r-patched-linux-x86_64, r-release-linux-x86_64, r-release-macos-arm64, r-release-macos-x86_64, r-release-windows-x86_64, r-oldrel-macos-arm64, r-oldrel-macos-x86_64, r-oldrel-windows-x86_64