Last updated on 2024-04-26 12:54:54 CEST.
Flavor | Version | Tinstall | Tcheck | Ttotal | Status | Flags |
---|---|---|---|---|---|---|
r-devel-linux-x86_64-debian-clang | 0.8.1 | 4.30 | 50.00 | 54.30 | NOTE | |
r-devel-linux-x86_64-debian-gcc | 0.8.1 | 3.80 | 36.34 | 40.14 | NOTE | |
r-devel-linux-x86_64-fedora-clang | 0.8.1 | 69.09 | NOTE | |||
r-devel-linux-x86_64-fedora-gcc | 0.8.1 | 75.38 | NOTE | |||
r-devel-windows-x86_64 | 0.8.1 | 5.00 | 56.00 | 61.00 | NOTE | |
r-patched-linux-x86_64 | 0.8.1 | 3.89 | 46.10 | 49.99 | NOTE | |
r-release-linux-x86_64 | 0.8.1 | 4.29 | 45.66 | 49.95 | NOTE | |
r-release-macos-arm64 | 0.8.1 | 28.00 | NOTE | |||
r-release-windows-x86_64 | 0.8.1 | 5.00 | 56.00 | 61.00 | NOTE | |
r-oldrel-macos-arm64 | 0.8.1 | 30.00 | NOTE | |||
r-oldrel-macos-x86_64 | 0.8.1 | 39.00 | NOTE | |||
r-oldrel-windows-x86_64 | 0.8.1 | 6.00 | 61.00 | 67.00 | NOTE |
Version: 0.8.1
Check: LazyData
Result: NOTE
'LazyData' is specified without a 'data' directory
Flavors: r-devel-linux-x86_64-debian-clang, r-devel-linux-x86_64-debian-gcc, r-devel-linux-x86_64-fedora-clang, r-devel-linux-x86_64-fedora-gcc, r-devel-windows-x86_64, r-patched-linux-x86_64, r-release-linux-x86_64, r-release-macos-arm64, r-release-windows-x86_64, r-oldrel-macos-arm64, r-oldrel-macos-x86_64, r-oldrel-windows-x86_64