CRAN Package Check Results for Package triangulation

Last updated on 2025-02-04 03:50:03 CET.

Flavor Version Tinstall Tcheck Ttotal Status Flags
r-devel-linux-x86_64-debian-clang 0.5.0 1.89 17.58 19.47 OK
r-devel-linux-x86_64-debian-gcc 0.5.0 1.52 14.50 16.02 OK
r-devel-linux-x86_64-fedora-clang 0.5.0 31.30 OK
r-devel-linux-x86_64-fedora-gcc 0.5.0 29.88 OK
r-devel-windows-x86_64 0.5.0 2.00 36.00 38.00 OK
r-patched-linux-x86_64 0.5.0 1.78 16.68 18.46 NOTE
r-release-linux-x86_64 0.5.0 1.81 16.70 18.51 NOTE
r-release-macos-arm64 0.5.0 12.00 NOTE
r-release-macos-x86_64 0.5.0 19.00 NOTE
r-release-windows-x86_64 0.5.0 3.00 36.00 39.00 NOTE
r-oldrel-macos-arm64 0.5.0 15.00 NOTE
r-oldrel-macos-x86_64 0.5.0 18.00 NOTE
r-oldrel-windows-x86_64 0.5.0 3.00 36.00 39.00 NOTE

Check Details

Version: 0.5.0
Check: LazyData
Result: NOTE 'LazyData' is specified without a 'data' directory Flavors: r-patched-linux-x86_64, r-release-linux-x86_64, r-release-macos-arm64, r-release-macos-x86_64, r-release-windows-x86_64, r-oldrel-macos-arm64, r-oldrel-macos-x86_64, r-oldrel-windows-x86_64