CRAN Package Check Results for Package triangle

Last updated on 2020-07-15 06:48:28 CEST.

Flavor Version Tinstall Tcheck Ttotal Status Flags
r-devel-linux-x86_64-debian-clang 0.12 2.32 25.89 28.21 OK
r-devel-linux-x86_64-debian-gcc 0.12 2.07 20.70 22.77 OK
r-devel-linux-x86_64-fedora-clang 0.12 42.35 OK
r-devel-linux-x86_64-fedora-gcc 0.12 35.84 OK
r-devel-windows-ix86+x86_64 0.12 9.00 36.00 45.00 OK
r-patched-linux-x86_64 0.12 2.56 25.85 28.41 OK
r-patched-solaris-x86 0.12 54.00 OK
r-release-linux-x86_64 0.12 2.64 25.86 28.50 OK
r-release-macos-x86_64 0.12 ERROR
r-release-windows-ix86+x86_64 0.12 8.00 38.00 46.00 OK
r-oldrel-macos-x86_64 0.12 OK
r-oldrel-windows-ix86+x86_64 0.12 22.00 48.00 70.00 OK

Check Details

Version: 0.12
Check: whether package can be installed
Result: ERROR
    Installation failed.
Flavor: r-release-macos-x86_64