Last updated on 2022-05-20 12:53:38 CEST.
Flavor | Version | Tinstall | Tcheck | Ttotal | Status | Flags |
---|---|---|---|---|---|---|
r-devel-linux-x86_64-debian-clang | 0.1.5 | 927.45 | 453.81 | 1381.26 | NOTE | |
r-devel-linux-x86_64-debian-gcc | 0.1.5 | 882.69 | 375.45 | 1258.14 | NOTE | |
r-devel-linux-x86_64-fedora-clang | 0.1.5 | 1898.59 | NOTE | |||
r-devel-linux-x86_64-fedora-gcc | 0.1.5 | 2068.62 | NOTE | |||
r-devel-windows-x86_64 | 0.1.5 | 655.00 | 664.00 | 1319.00 | NOTE | |
r-patched-linux-x86_64 | 0.1.5 | 701.33 | 492.08 | 1193.41 | NOTE | |
r-release-linux-x86_64 | 0.1.5 | 668.21 | 489.91 | 1158.12 | NOTE | |
r-release-macos-arm64 | 0.1.5 | 488.00 | NOTE | |||
r-release-macos-x86_64 | 0.1.5 | 765.00 | NOTE | |||
r-release-windows-x86_64 | 0.1.5 | 659.00 | 666.00 | 1325.00 | NOTE | |
r-oldrel-macos-arm64 | 0.1.5 | 737.00 | NOTE | |||
r-oldrel-macos-x86_64 | 0.1.5 | 747.00 | NOTE | |||
r-oldrel-windows-ix86+x86_64 | 0.1.5 | 2113.00 | 941.00 | 3054.00 | NOTE |
Version: 0.1.5
Check: LazyData
Result: NOTE
'LazyData' is specified without a 'data' directory
Flavors: r-devel-linux-x86_64-debian-clang, r-devel-linux-x86_64-debian-gcc, r-devel-linux-x86_64-fedora-clang, r-devel-linux-x86_64-fedora-gcc, r-devel-windows-x86_64, r-patched-linux-x86_64, r-release-linux-x86_64, r-release-macos-arm64, r-release-macos-x86_64, r-release-windows-x86_64, r-oldrel-macos-arm64, r-oldrel-macos-x86_64, r-oldrel-windows-ix86+x86_64
Version: 0.1.5
Check: for GNU extensions in Makefiles
Result: NOTE
GNU make is a SystemRequirements.
Flavors: r-devel-linux-x86_64-debian-clang, r-devel-linux-x86_64-debian-gcc, r-devel-linux-x86_64-fedora-clang, r-devel-linux-x86_64-fedora-gcc, r-devel-windows-x86_64, r-patched-linux-x86_64, r-release-linux-x86_64, r-release-macos-arm64, r-release-macos-x86_64, r-release-windows-x86_64, r-oldrel-macos-arm64, r-oldrel-macos-x86_64, r-oldrel-windows-ix86+x86_64
Version: 0.1.5
Check: installed package size
Result: NOTE
installed size is 94.9Mb
sub-directories of 1Mb or more:
doc 3.8Mb
libs 90.0Mb
Flavors: r-devel-linux-x86_64-fedora-clang, r-devel-windows-x86_64, r-release-macos-arm64, r-release-macos-x86_64, r-release-windows-x86_64, r-oldrel-macos-arm64, r-oldrel-macos-x86_64, r-oldrel-windows-ix86+x86_64