Last updated on 2023-12-05 21:50:56 CET.
Flavor | Version | Tinstall | Tcheck | Ttotal | Status | Flags |
---|---|---|---|---|---|---|
r-devel-linux-x86_64-debian-clang | 1.0.0 | 3.24 | 29.92 | 33.16 | OK | |
r-devel-linux-x86_64-debian-gcc | 1.0.0 | 2.26 | 22.31 | 24.57 | OK | |
r-devel-linux-x86_64-fedora-clang | 1.0.0 | 41.95 | NOTE | |||
r-devel-linux-x86_64-fedora-gcc | 1.0.0 | 51.55 | NOTE | |||
r-devel-windows-x86_64 | 1.0.0 | 4.00 | 46.00 | 50.00 | OK | |
r-patched-linux-x86_64 | 1.0.0 | 3.51 | 28.89 | 32.40 | OK | |
r-release-linux-x86_64 | 1.0.0 | 2.45 | 27.81 | 30.26 | OK | |
r-release-macos-arm64 | 1.0.0 | 25.00 | OK | |||
r-release-macos-x86_64 | 1.0.0 | 36.00 | OK | |||
r-release-windows-x86_64 | 1.0.0 | 5.00 | 46.00 | 51.00 | OK | |
r-oldrel-macos-arm64 | 1.0.0 | 17.00 | NOTE | |||
r-oldrel-macos-x86_64 | 1.0.0 | 23.00 | NOTE | |||
r-oldrel-windows-x86_64 | 1.0.0 | 5.00 | 49.00 | 54.00 | OK |
Version: 1.0.0
Check: dependencies in R code
Result: NOTE
Namespace in Imports field not imported from: ‘crul’
All declared Imports should be used.
Flavors: r-devel-linux-x86_64-fedora-clang, r-devel-linux-x86_64-fedora-gcc, r-oldrel-macos-arm64, r-oldrel-macos-x86_64