CRAN Package Check Results for Package treefit

Last updated on 2025-05-11 12:50:37 CEST.

Flavor Version Tinstall Tcheck Ttotal Status Flags
r-devel-linux-x86_64-debian-clang 1.0.3 4.77 109.72 114.49 OK
r-devel-linux-x86_64-debian-gcc 1.0.3 3.69 77.87 81.56 OK
r-devel-linux-x86_64-fedora-clang 1.0.3 184.77 OK
r-devel-linux-x86_64-fedora-gcc 1.0.3 190.46 OK
r-devel-windows-x86_64 1.0.3 7.00 116.00 123.00 OK
r-patched-linux-x86_64 1.0.3 5.13 102.94 108.07 OK
r-release-linux-x86_64 1.0.3 4.50 104.60 109.10 ERROR
r-release-macos-arm64 1.0.3 84.00 OK
r-release-macos-x86_64 1.0.3 162.00 OK
r-release-windows-x86_64 1.0.3 8.00 119.00 127.00 OK
r-oldrel-macos-arm64 1.0.3 78.00 OK
r-oldrel-macos-x86_64 1.0.3 146.00 OK
r-oldrel-windows-x86_64 1.0.3 9.00 148.00 157.00 OK

Check Details

Version: 1.0.3
Check: tests
Result: ERROR Running ‘testthat.R’ [6s/8s] Running the tests in ‘tests/testthat.R’ failed. Complete output: > # Copyright (C) 2020 Momoko Hayamizu <hayamizu@ism.ac.jp> > # > # This program is free software: you can redistribute it and/or modify > # it under the terms of the GNU General Public License as published by > # the Free Software Foundation, either version 3 of the License, or > # (at your option) any later version. > # > # This program is distributed in the hope that it will be useful, > # but WITHOUT ANY WARRANTY; without even the implied warranty of > # MERCHANTABILITY or FITNESS FOR A PARTICULAR PURPOSE. See the > # GNU General Public License for more details. > # > # You should have received a copy of the GNU General Public License > # along with this program. If not, see <http://www.gnu.org/licenses/>. > > library(testthat) > library(treefit) > > test_check("treefit") [ FAIL 1 | WARN 0 | SKIP 1 | PASS 11 ] ══ Skipped tests (1) ═══════════════════════════════════════════════════════════ • On CRAN (1): 'test-treefit.R:143:3' ══ Failed tests ════════════════════════════════════════════════════════════════ ── Failure ('test-treefit.R:134:3'): treefit: 2 arms ─────────────────────────── list("tree-like", 2) not equal to list(fit$name, fit$n_principal_paths_candidates[1]). Component 2: Mean relative difference: 0.5 [ FAIL 1 | WARN 0 | SKIP 1 | PASS 11 ] Error: Test failures Execution halted Flavor: r-release-linux-x86_64