CRAN Package Check Results for Package treeHMM

Last updated on 2020-02-17 03:49:29 CET.

Flavor Version Tinstall Tcheck Ttotal Status Flags
r-devel-linux-x86_64-debian-clang 0.1.1 4.88 21.94 26.82 OK
r-devel-linux-x86_64-debian-gcc 0.1.1 3.86 16.88 20.74 OK
r-devel-linux-x86_64-fedora-clang 0.1.1 33.30 NOTE
r-devel-linux-x86_64-fedora-gcc 0.1.1 31.88 NOTE
r-devel-windows-ix86+x86_64 0.1.1 10.00 35.00 45.00 OK
r-devel-windows-ix86+x86_64-gcc8 0.1.1 13.00 32.00 45.00 OK
r-patched-linux-x86_64 0.1.1 2.99 20.07 23.06 OK
r-patched-solaris-x86 0.1.1 44.80 NOTE
r-release-linux-x86_64 0.1.1 3.84 19.87 23.71 OK
r-release-windows-ix86+x86_64 0.1.1 9.00 35.00 44.00 OK
r-release-osx-x86_64 0.1.1 NOTE
r-oldrel-windows-ix86+x86_64 0.1.1 7.00 40.00 47.00 OK
r-oldrel-osx-x86_64 0.1.1 NOTE

Check Details

Version: 0.1.1
Check: dependencies in R code
Result: NOTE
    Namespace in Imports field not imported from: ‘Matrix’
     All declared Imports should be used.
Flavors: r-devel-linux-x86_64-fedora-clang, r-devel-linux-x86_64-fedora-gcc, r-patched-solaris-x86, r-release-osx-x86_64, r-oldrel-osx-x86_64