Last updated on 2024-04-23 21:55:01 CEST.
Flavor | Version | Tinstall | Tcheck | Ttotal | Status | Flags |
---|---|---|---|---|---|---|
r-devel-linux-x86_64-debian-clang | 0.0.5 | 27.22 | 367.18 | 394.40 | OK | |
r-devel-linux-x86_64-debian-gcc | 0.0.5 | 26.38 | 270.47 | 296.85 | OK | |
r-devel-linux-x86_64-fedora-clang | 0.0.5 | 490.64 | OK | |||
r-devel-linux-x86_64-fedora-gcc | 0.0.5 | 490.57 | OK | |||
r-prerel-macos-arm64 | 0.0.5 | 127.00 | OK | |||
r-prerel-macos-x86_64 | 0.0.5 | 275.00 | OK | |||
r-prerel-windows-x86_64 | 0.0.5 | 26.00 | 256.00 | 282.00 | OK | |
r-patched-linux-x86_64 | 0.0.5 | 26.87 | 355.88 | 382.75 | OK | |
r-release-linux-x86_64 | 0.0.5 | 30.60 | 367.60 | 398.20 | OK | |
r-release-macos-arm64 | 0.0.5 | 11.00 | ERROR | |||
r-release-macos-x86_64 | 0.0.5 | 7.00 | ERROR | |||
r-release-windows-x86_64 | 0.0.5 | 34.00 | 343.00 | 377.00 | OK | |
r-oldrel-macos-arm64 | 0.0.5 | 130.00 | OK | |||
r-oldrel-windows-x86_64 | 0.0.5 | 35.00 | 340.00 | 375.00 | OK |
Version: 0.0.5
Check: package dependencies
Result: ERROR
Package required but not available: ‘phyloseq’
Package suggested but not available for checking: ‘adaptiveGPCA’
See section ‘The DESCRIPTION file’ in the ‘Writing R Extensions’
manual.
Flavors: r-release-macos-arm64, r-release-macos-x86_64