CRAN Package Check Results for Package transx

Last updated on 2023-02-02 21:50:22 CET.

Flavor Version Tinstall Tcheck Ttotal Status Flags
r-devel-linux-x86_64-debian-clang 0.0.1 4.36 61.70 66.06 NOTE
r-devel-linux-x86_64-debian-gcc 0.0.1 2.91 45.64 48.55 NOTE
r-devel-linux-x86_64-fedora-clang 0.0.1 80.79 NOTE
r-devel-linux-x86_64-fedora-gcc 0.0.1 91.50 NOTE
r-patched-linux-x86_64 0.0.1 4.21 57.61 61.82 NOTE
r-release-linux-x86_64 0.0.1 3.90 58.77 62.67 NOTE
r-release-macos-arm64 0.0.1 29.00 NOTE
r-release-macos-x86_64 0.0.1 38.00 NOTE
r-release-windows-x86_64 0.0.1 51.00 103.00 154.00 NOTE
r-oldrel-macos-arm64 0.0.1 30.00 NOTE
r-oldrel-macos-x86_64 0.0.1 49.00 NOTE
r-oldrel-windows-ix86+x86_64 0.0.1 9.00 90.00 99.00 NOTE

Check Details

Version: 0.0.1
Check: LazyData
Result: NOTE
     'LazyData' is specified without a 'data' directory
Flavors: r-devel-linux-x86_64-debian-clang, r-devel-linux-x86_64-debian-gcc, r-devel-linux-x86_64-fedora-clang, r-devel-linux-x86_64-fedora-gcc, r-patched-linux-x86_64, r-release-linux-x86_64, r-release-macos-arm64, r-release-macos-x86_64, r-release-windows-x86_64, r-oldrel-macos-arm64, r-oldrel-macos-x86_64, r-oldrel-windows-ix86+x86_64