Last updated on 2023-02-02 06:03:45 CET.
Flavor | Version | Tinstall | Tcheck | Ttotal | Status | Flags |
---|---|---|---|---|---|---|
r-devel-linux-x86_64-debian-clang | 0.13-0 | 92.48 | 84.81 | 177.29 | NOTE | |
r-devel-linux-x86_64-debian-gcc | 0.13-0 | 71.44 | 62.61 | 134.05 | NOTE | |
r-devel-linux-x86_64-fedora-clang | 0.13-0 | 270.32 | NOTE | |||
r-devel-linux-x86_64-fedora-gcc | 0.13-0 | 223.41 | NOTE | |||
r-patched-linux-x86_64 | 0.13-0 | 81.03 | 79.53 | 160.56 | OK | |
r-release-linux-x86_64 | 0.13-0 | 77.86 | 79.32 | 157.18 | OK | |
r-release-macos-arm64 | 0.13-0 | 70.00 | NOTE | |||
r-release-macos-x86_64 | 0.13-0 | 77.00 | NOTE | |||
r-release-windows-x86_64 | 0.13-0 | 130.00 | 145.00 | 275.00 | OK | |
r-oldrel-macos-arm64 | 0.13-0 | 65.00 | NOTE | |||
r-oldrel-macos-x86_64 | 0.13-0 | 79.00 | NOTE | |||
r-oldrel-windows-ix86+x86_64 | 0.13-0 | 230.00 | 155.00 | 385.00 | OK |
Version: 0.13-0
Check: C++ specification
Result: NOTE
Specified C++11: please update to current default of C++17
Flavors: r-devel-linux-x86_64-debian-clang, r-devel-linux-x86_64-debian-gcc, r-devel-linux-x86_64-fedora-clang, r-devel-linux-x86_64-fedora-gcc
Version: 0.13-0
Check: Rd cross-references
Result: NOTE
Undeclared package ‘WSGeometry’ in Rd xrefs
Flavor: r-devel-linux-x86_64-fedora-clang
Version: 0.13-0
Check: installed package size
Result: NOTE
installed size is 6.2Mb
sub-directories of 1Mb or more:
libs 5.6Mb
Flavors: r-release-macos-arm64, r-release-macos-x86_64, r-oldrel-macos-arm64, r-oldrel-macos-x86_64