Last updated on 2024-04-27 03:56:30 CEST.
Flavor | Version | Tinstall | Tcheck | Ttotal | Status | Flags |
---|---|---|---|---|---|---|
r-devel-linux-x86_64-debian-clang | 0.1.0 | 64.23 | 39.62 | 103.85 | OK | |
r-devel-linux-x86_64-debian-gcc | 0.1.0 | 44.85 | 30.43 | 75.28 | OK | |
r-devel-linux-x86_64-fedora-clang | 0.1.0 | 140.13 | OK | |||
r-devel-linux-x86_64-fedora-gcc | 0.1.0 | 135.24 | OK | |||
r-devel-windows-x86_64 | 0.1.0 | 43.00 | 70.00 | 113.00 | OK | |
r-patched-linux-x86_64 | 0.1.0 | 54.89 | 39.46 | 94.35 | OK | |
r-release-linux-x86_64 | 0.1.0 | 49.51 | 39.64 | 89.15 | OK | |
r-release-macos-arm64 | 0.1.0 | 34.00 | NOTE | |||
r-release-windows-x86_64 | 0.1.0 | 45.00 | 71.00 | 116.00 | OK | |
r-oldrel-macos-arm64 | 0.1.0 | 39.00 | NOTE | |||
r-oldrel-macos-x86_64 | 0.1.0 | 57.00 | NOTE | |||
r-oldrel-windows-x86_64 | 0.1.0 | 54.00 | 74.00 | 128.00 | OK |
Version: 0.1.0
Check: installed package size
Result: NOTE
installed size is 7.9Mb
sub-directories of 1Mb or more:
libs 7.8Mb
Flavors: r-release-macos-arm64, r-oldrel-macos-arm64, r-oldrel-macos-x86_64