Last updated on 2024-04-23 05:58:31 CEST.
Flavor | Version | Tinstall | Tcheck | Ttotal | Status | Flags |
---|---|---|---|---|---|---|
r-devel-linux-x86_64-debian-clang | 1.2.2 | 11.54 | 91.75 | 103.29 | NOTE | |
r-devel-linux-x86_64-debian-gcc | 1.2.2 | 10.63 | 67.57 | 78.20 | NOTE | |
r-devel-linux-x86_64-fedora-clang | 1.2.2 | 132.76 | NOTE | |||
r-devel-linux-x86_64-fedora-gcc | 1.2.2 | 123.19 | NOTE | |||
r-prerel-macos-arm64 | 1.2.2 | 39.00 | NOTE | |||
r-prerel-windows-x86_64 | 1.2.2 | 13.00 | 83.00 | 96.00 | NOTE | |
r-patched-linux-x86_64 | 1.2.2 | 12.57 | 87.00 | 99.57 | NOTE | |
r-release-linux-x86_64 | 1.2.2 | 12.51 | 90.73 | 103.24 | NOTE | |
r-release-macos-arm64 | 1.2.2 | 43.00 | NOTE | |||
r-release-macos-x86_64 | 1.2.2 | 70.00 | NOTE | |||
r-release-windows-x86_64 | 1.2.2 | 18.00 | 99.00 | 117.00 | NOTE | |
r-oldrel-macos-arm64 | 1.2.2 | 37.00 | NOTE | |||
r-oldrel-windows-x86_64 | 1.2.2 | 16.00 | 99.00 | 115.00 | NOTE |
Version: 1.2.2
Check: LazyData
Result: NOTE
'LazyData' is specified without a 'data' directory
Flavors: r-devel-linux-x86_64-debian-clang, r-devel-linux-x86_64-debian-gcc, r-devel-linux-x86_64-fedora-clang, r-devel-linux-x86_64-fedora-gcc, r-prerel-macos-arm64, r-prerel-windows-x86_64, r-patched-linux-x86_64, r-release-linux-x86_64, r-release-macos-arm64, r-release-macos-x86_64, r-release-windows-x86_64, r-oldrel-macos-arm64, r-oldrel-windows-x86_64