CRAN Package Check Results for Package tramvs

Last updated on 2024-02-25 06:56:07 CET.

Flavor Version Tinstall Tcheck Ttotal Status Flags
r-devel-linux-x86_64-debian-clang 0.0-4 7.08 411.22 418.30 OK
r-devel-linux-x86_64-debian-gcc 0.0-4 7.38 314.45 321.83 OK
r-devel-linux-x86_64-fedora-clang 0.0-4 501.48 OK
r-devel-linux-x86_64-fedora-gcc 0.0-4 523.44 OK
r-devel-windows-x86_64 0.0-4 8.00 322.00 330.00 OK
r-patched-linux-x86_64 0.0-4 9.33 411.62 420.95 OK
r-release-linux-x86_64 0.0-4 7.09 421.78 428.87 OK
r-release-macos-arm64 0.0-4 140.00 OK
r-release-macos-x86_64 0.0-4 178.00 NOTE
r-release-windows-x86_64 0.0-4 12.00 415.00 427.00 OK
r-oldrel-macos-arm64 0.0-4 196.00 OK
r-oldrel-windows-x86_64 0.0-4 13.00 420.00 433.00 OK

Additional issues

noSuggests

Check Details

Version: 0.0-4
Check: package dependencies
Result: NOTE Package suggested but not available for checking: ‘tramnet’ Flavor: r-release-macos-x86_64

Version: 0.0-4
Check: re-building of vignette outputs
Result: NOTE Note: skipping ‘tramvs.Rnw’ due to unavailable dependencies: 'tramnet' Flavor: r-release-macos-x86_64