Last updated on 2025-02-01 12:48:42 CET.
Flavor | Version | Tinstall | Tcheck | Ttotal | Status | Flags |
---|---|---|---|---|---|---|
r-devel-linux-x86_64-debian-clang | 0.0-2 | 7.01 | 201.76 | 208.77 | NOTE | |
r-devel-linux-x86_64-debian-gcc | 0.0-2 | 5.54 | 139.87 | 145.41 | NOTE | |
r-devel-linux-x86_64-fedora-clang | 0.1-0 | 225.40 | OK | |||
r-devel-linux-x86_64-fedora-gcc | 0.1-0 | 205.81 | OK | |||
r-devel-windows-x86_64 | 0.0-2 | 9.00 | 251.00 | 260.00 | NOTE | |
r-patched-linux-x86_64 | 0.0-2 | 8.09 | 196.79 | 204.88 | OK | |
r-release-linux-x86_64 | 0.0-2 | 7.01 | 196.14 | 203.15 | OK | |
r-release-macos-arm64 | 0.1-0 | 117.00 | OK | |||
r-release-macos-x86_64 | 0.1-0 | 204.00 | OK | |||
r-release-windows-x86_64 | 0.0-2 | 10.00 | 240.00 | 250.00 | OK | |
r-oldrel-macos-arm64 | 0.0-2 | 109.00 | OK | |||
r-oldrel-macos-x86_64 | 0.0-2 | 181.00 | OK | |||
r-oldrel-windows-x86_64 | 0.0-2 | 10.00 | 288.00 | 298.00 | OK |
Version: 0.0-2
Check: DESCRIPTION meta-information
Result: NOTE
Missing dependency on R >= 4.1.0 because package code uses the pipe
|> or function shorthand \(...) syntax added in R 4.1.0.
File(s) using such syntax:
‘helpers.R’ ‘invariance-types.R’ ‘tramicp.R’
Flavors: r-devel-linux-x86_64-debian-clang, r-devel-linux-x86_64-debian-gcc, r-devel-windows-x86_64