Last updated on 2024-03-28 12:50:50 CET.
Flavor | Version | Tinstall | Tcheck | Ttotal | Status | Flags |
---|---|---|---|---|---|---|
r-devel-linux-x86_64-debian-clang | 1.0.5 | 159.52 | 271.55 | 431.07 | OK | |
r-devel-linux-x86_64-debian-gcc | 1.0.5 | 158.53 | 202.63 | 361.16 | OK | |
r-devel-linux-x86_64-fedora-clang | 1.0.5 | 554.08 | OK | |||
r-devel-linux-x86_64-fedora-gcc | 1.0.5 | 660.32 | OK | |||
r-devel-windows-x86_64 | 1.0.5 | 118.00 | 278.00 | 396.00 | NOTE | |
r-patched-linux-x86_64 | 1.0.5 | 161.75 | 271.03 | 432.78 | OK | |
r-release-linux-x86_64 | 1.0.5 | 160.48 | 266.90 | 427.38 | OK | |
r-release-macos-arm64 | 1.0.5 | 123.00 | NOTE | |||
r-release-macos-x86_64 | 1.0.5 | 314.00 | NOTE | |||
r-release-windows-x86_64 | 1.0.5 | 156.00 | 328.00 | 484.00 | NOTE | |
r-oldrel-macos-arm64 | 1.0.5 | 143.00 | NOTE | |||
r-oldrel-windows-x86_64 | 1.0.5 | 153.00 | 311.00 | 464.00 | NOTE |
Version: 1.0.5
Check: installed package size
Result: NOTE
installed size is 16.0Mb
sub-directories of 1Mb or more:
doc 2.1Mb
libs 13.3Mb
Flavors: r-devel-windows-x86_64, r-release-macos-arm64, r-release-macos-x86_64, r-release-windows-x86_64, r-oldrel-macos-arm64, r-oldrel-windows-x86_64