Last updated on 2023-03-26 03:50:27 CEST.
Flavor | Version | Tinstall | Tcheck | Ttotal | Status | Flags |
---|---|---|---|---|---|---|
r-devel-linux-x86_64-debian-clang | 0.9.0.5 | 332.21 | 78.60 | 410.81 | NOTE | |
r-devel-linux-x86_64-debian-gcc | 0.9.0.5 | 237.70 | 58.67 | 296.37 | NOTE | |
r-devel-linux-x86_64-fedora-clang | 0.9.0.5 | 594.27 | NOTE | |||
r-devel-linux-x86_64-fedora-gcc | 0.9.0.5 | 503.34 | NOTE | |||
r-patched-linux-x86_64 | 0.9.0.5 | 238.78 | 75.06 | 313.84 | NOTE | |
r-release-linux-x86_64 | 0.9.0.5 | 238.74 | 73.09 | 311.83 | OK | |
r-release-macos-arm64 | 0.9.0.5 | 104.00 | NOTE | |||
r-release-macos-x86_64 | 0.9.0.5 | 151.00 | NOTE | |||
r-release-windows-x86_64 | 0.9.0.5 | 230.00 | 130.00 | 360.00 | OK | |
r-oldrel-macos-arm64 | 0.9.0.5 | 103.00 | NOTE | |||
r-oldrel-macos-x86_64 | 0.9.0.5 | 148.00 | NOTE | |||
r-oldrel-windows-ix86+x86_64 | 0.9.0.5 | 603.00 | 142.00 | 745.00 | NOTE |
Version: 0.9.0.5
Check: C++ specification
Result: NOTE
Specified C++11: please drop specification unless essential
Flavors: r-devel-linux-x86_64-debian-clang, r-devel-linux-x86_64-debian-gcc, r-devel-linux-x86_64-fedora-clang, r-devel-linux-x86_64-fedora-gcc, r-patched-linux-x86_64
Version: 0.9.0.5
Check: installed package size
Result: NOTE
installed size is 17.8Mb
sub-directories of 1Mb or more:
libs 17.1Mb
Flavors: r-release-macos-arm64, r-release-macos-x86_64, r-oldrel-macos-arm64, r-oldrel-macos-x86_64, r-oldrel-windows-ix86+x86_64