CRAN Package Check Results for Package traitdataform

Last updated on 2022-01-26 21:50:25 CET.

Flavor Version Tinstall Tcheck Ttotal Status Flags
r-devel-linux-x86_64-debian-clang 0.6.7 8.70 96.05 104.75 OK
r-devel-linux-x86_64-debian-gcc 0.6.7 7.58 73.15 80.73 OK
r-devel-linux-x86_64-fedora-clang 0.6.7 122.84 NOTE
r-devel-linux-x86_64-fedora-gcc 0.6.7 111.24 NOTE
r-devel-windows-x86_64-new-UL 0.6.7 102.00 136.00 238.00 OK
r-devel-windows-x86_64-new-TK 0.6.7 NOTE
r-patched-linux-x86_64 0.6.7 8.78 87.45 96.23 OK
r-release-linux-x86_64 0.6.7 6.72 87.59 94.31 OK
r-release-macos-arm64 0.6.7 NOTE
r-release-macos-x86_64 0.6.7 NOTE
r-release-windows-ix86+x86_64 0.6.7 21.00 117.00 138.00 OK
r-oldrel-macos-x86_64 0.6.7 NOTE
r-oldrel-windows-ix86+x86_64 0.6.7 23.00 119.00 142.00 OK

Check Details

Version: 0.6.7
Check: dependencies in R code
Result: NOTE
    Namespace in Imports field not imported from: ‘suppdata’
     All declared Imports should be used.
Flavors: r-devel-linux-x86_64-fedora-clang, r-devel-linux-x86_64-fedora-gcc, r-devel-windows-x86_64-new-TK, r-release-macos-arm64, r-release-macos-x86_64, r-oldrel-macos-x86_64

Version: 0.6.7
Check: data for non-ASCII characters
Result: NOTE
     Note: found 2 marked Latin-1 strings
     Note: found 701 marked UTF-8 strings
Flavors: r-devel-linux-x86_64-fedora-clang, r-devel-linux-x86_64-fedora-gcc, r-devel-windows-x86_64-new-TK, r-release-macos-arm64, r-release-macos-x86_64, r-oldrel-macos-x86_64